{"id":420,"date":"2014-09-21T10:30:46","date_gmt":"2014-09-21T08:30:46","guid":{"rendered":"http:\/\/jvelektronika.cz\/?page_id=420"},"modified":"2014-09-27T18:33:14","modified_gmt":"2014-09-27T16:33:14","slug":"xperia-z2-videopohled","status":"publish","type":"page","link":"https:\/\/jvelektronika.cz\/?page_id=420","title":{"rendered":"Xperia Z2 &#8211; VIDEOPOHLED"},"content":{"rendered":"<h1>Xperia Z2 &#8211; VIDEOPOHLED<\/h1>\n<p>&nbsp;<\/p>\n<p id=\"watch-uploader-info\"><strong>\u00a0<\/strong><\/p>\n<div id=\"watch-description-text\">\n<p id=\"eow-description\">Zkr\u00e1cen\u00fd videopohled na jeden z nejlep\u0161\u00edch telefon\u016f sou\u010dasnosti a to minim\u00e1ln\u011b pro rok 2014<br \/>\nP\u0159edstav\u00edme si kvalitu displeje, zvuku a zpracov\u00e1n\u00ed.<\/p>\n<p><a title=\"Xperia Z2 - videopohled\" href=\"https:\/\/www.youtube.com\/watch?v=VRbKr34BHD0&amp;list=UUBITzd_HgBu0pAWYwX-GWyQ\" target=\"_blank\">VIDEOPOHLED: ZDE<\/a><\/p>\n<p>&nbsp;<\/p>\n<div class=\"epyt-video-wrapper\"><iframe loading=\"lazy\"  style=\"display: block; margin: 0px auto;\"  id=\"_ytid_38932\"  width=\"640\" height=\"360\"  data-origwidth=\"640\" data-origheight=\"360\" src=\"https:\/\/www.youtube.com\/embed\/VRbKr34BHD0?enablejsapi=1&#038;autoplay=0&#038;cc_load_policy=0&#038;cc_lang_pref=&#038;iv_load_policy=1&#038;loop=0&#038;modestbranding=0&#038;rel=1&#038;fs=1&#038;playsinline=1&#038;autohide=2&#038;theme=dark&#038;color=red&#038;controls=1&#038;\" class=\"__youtube_prefs__  epyt-is-override  no-lazyload\" title=\"YouTube player\"  allow=\"accelerometer; autoplay; clipboard-write; encrypted-media; gyroscope; picture-in-picture\" allowfullscreen data-no-lazy=\"1\" data-skipgform_ajax_framebjll=\"\"><\/iframe><\/div>\n<\/div>\n","protected":false},"excerpt":{"rendered":"<p>Xperia Z2 &#8211; VIDEOPOHLED &nbsp; \u00a0 Zkr\u00e1cen\u00fd videopohled na jeden z nejlep\u0161\u00edch telefon\u016f sou\u010dasnosti a to minim\u00e1ln\u011b pro rok 2014 P\u0159edstav\u00edme si kvalitu displeje, zvuku a zpracov\u00e1n\u00ed. VIDEOPOHLED: ZDE &nbsp;<\/p>\n","protected":false},"author":1,"featured_media":0,"parent":368,"menu_order":0,"comment_status":"closed","ping_status":"open","template":"","meta":{"footnotes":""},"_links":{"self":[{"href":"https:\/\/jvelektronika.cz\/index.php?rest_route=\/wp\/v2\/pages\/420"}],"collection":[{"href":"https:\/\/jvelektronika.cz\/index.php?rest_route=\/wp\/v2\/pages"}],"about":[{"href":"https:\/\/jvelektronika.cz\/index.php?rest_route=\/wp\/v2\/types\/page"}],"author":[{"embeddable":true,"href":"https:\/\/jvelektronika.cz\/index.php?rest_route=\/wp\/v2\/users\/1"}],"replies":[{"embeddable":true,"href":"https:\/\/jvelektronika.cz\/index.php?rest_route=%2Fwp%2Fv2%2Fcomments&post=420"}],"version-history":[{"count":2,"href":"https:\/\/jvelektronika.cz\/index.php?rest_route=\/wp\/v2\/pages\/420\/revisions"}],"predecessor-version":[{"id":434,"href":"https:\/\/jvelektronika.cz\/index.php?rest_route=\/wp\/v2\/pages\/420\/revisions\/434"}],"up":[{"embeddable":true,"href":"https:\/\/jvelektronika.cz\/index.php?rest_route=\/wp\/v2\/pages\/368"}],"wp:attachment":[{"href":"https:\/\/jvelektronika.cz\/index.php?rest_route=%2Fwp%2Fv2%2Fmedia&parent=420"}],"curies":[{"name":"wp","href":"https:\/\/api.w.org\/{rel}","templated":true}]}}