{"id":3302,"date":"2021-09-25T09:36:08","date_gmt":"2021-09-25T07:36:08","guid":{"rendered":"https:\/\/jvelektronika.cz\/?page_id=3302"},"modified":"2021-09-25T10:39:17","modified_gmt":"2021-09-25T08:39:17","slug":"signalizacni-led-blikac-s-pic-12f629","status":"publish","type":"page","link":"https:\/\/jvelektronika.cz\/?page_id=3302","title":{"rendered":"SIGNALIZA\u010cN\u00cd LED BLIKA\u010c S PIC 12F629"},"content":{"rendered":"\n<p>Jednoduch\u00e9 zapojen\u00ed signaliza\u010dn\u00edho blika\u010de s PIC 12F629 s n\u011bkolika re\u017eimy blik\u00e1n\u00ed. Nap\u00e1jen\u00ed je pouze 3V a posta\u010d\u00ed nap\u0159. CR2032 na kterou si i lze vytisknout na 3d tisk\u00e1rn\u011b pouzdro.<\/p>\n\n\n\n<p>UPOZORN\u011aN\u00cd: P\u0159i prohozen\u00ed polarity jde za\u0159\u00edzen\u00ed do skratu, nejen \u017ee p\u0159i \u0161patn\u011b zapojen\u00e9 polarit\u011b nap\u00e1jen\u00ed je odb\u011br v\u00edce jak 1A, tak sou\u010dasn\u011b hroz\u00ed zni\u010den\u00ed CPU.<\/p>\n\n\n\n<p>Tento blika\u010d\/za\u0159\u00edzen\u00ed v\u0161ak neslou\u017e\u00ed, jako n\u00e1hrada za reflexn\u00ed p\u00e1sky.<\/p>\n\n\n\n<p><\/p>\n\n\n\n<figure class=\"wp-block-image\"><img decoding=\"async\" loading=\"lazy\" width=\"582\" height=\"447\" src=\"https:\/\/jvelektronika.cz\/wp-content\/uploads\/2021\/09\/web-signal-led-blik-schema-jv.jpg\" alt=\"\" class=\"wp-image-3308\" srcset=\"https:\/\/jvelektronika.cz\/wp-content\/uploads\/2021\/09\/web-signal-led-blik-schema-jv.jpg 582w, https:\/\/jvelektronika.cz\/wp-content\/uploads\/2021\/09\/web-signal-led-blik-schema-jv-300x230.jpg 300w\" sizes=\"(max-width: 582px) 100vw, 582px\" \/><\/figure>\n\n\n\n<p><\/p>\n\n\n\n<figure class=\"wp-block-embed-youtube wp-block-embed is-type-video is-provider-youtube wp-embed-aspect-16-9 wp-has-aspect-ratio\"><div class=\"wp-block-embed__wrapper\">\n<div class=\"epyt-video-wrapper\"><iframe loading=\"lazy\"  style=\"display: block; margin: 0px auto;\"  id=\"_ytid_32835\"  width=\"640\" height=\"360\"  data-origwidth=\"640\" data-origheight=\"360\" src=\"https:\/\/www.youtube.com\/embed\/NZQ1MZmydDk?enablejsapi=1&#038;autoplay=0&#038;cc_load_policy=0&#038;cc_lang_pref=&#038;iv_load_policy=1&#038;loop=0&#038;modestbranding=0&#038;rel=1&#038;fs=1&#038;playsinline=1&#038;autohide=2&#038;theme=dark&#038;color=red&#038;controls=1&#038;\" class=\"__youtube_prefs__  epyt-is-override  no-lazyload\" title=\"YouTube player\"  allow=\"accelerometer; autoplay; clipboard-write; encrypted-media; gyroscope; picture-in-picture\" allowfullscreen data-no-lazy=\"1\" data-skipgform_ajax_framebjll=\"\"><\/iframe><\/div>\n<\/div><\/figure>\n\n\n\n<p><\/p>\n\n\n\n<p>\n\nZa p\u0159\u00edpadn\u00e9 \u0161kody na majetku, nebo ujm\u011b na zdrav\u00ed nenesu \u017e\u00e1dnou odpov\u011bdnost!\n\n<\/p>\n\n\n\n<p>Publikov\u00e1no 25. 09. 2021<\/p>\n","protected":false},"excerpt":{"rendered":"<p>Jednoduch\u00e9 zapojen\u00ed signaliza\u010dn\u00edho blika\u010de s PIC 12F629 s n\u011bkolika re\u017eimy blik\u00e1n\u00ed. Nap\u00e1jen\u00ed je pouze 3V a posta\u010d\u00ed nap\u0159. CR2032 na kterou si i lze vytisknout na 3d tisk\u00e1rn\u011b pouzdro. UPOZORN\u011aN\u00cd: P\u0159i prohozen\u00ed polarity jde za\u0159\u00edzen\u00ed do skratu, nejen \u017ee p\u0159i \u0161patn\u011b zapojen\u00e9 polarit\u011b nap\u00e1jen\u00ed je odb\u011br v\u00edce jak 1A, tak [&hellip;]<\/p>\n","protected":false},"author":1,"featured_media":3309,"parent":254,"menu_order":0,"comment_status":"closed","ping_status":"closed","template":"","meta":{"footnotes":""},"_links":{"self":[{"href":"https:\/\/jvelektronika.cz\/index.php?rest_route=\/wp\/v2\/pages\/3302"}],"collection":[{"href":"https:\/\/jvelektronika.cz\/index.php?rest_route=\/wp\/v2\/pages"}],"about":[{"href":"https:\/\/jvelektronika.cz\/index.php?rest_route=\/wp\/v2\/types\/page"}],"author":[{"embeddable":true,"href":"https:\/\/jvelektronika.cz\/index.php?rest_route=\/wp\/v2\/users\/1"}],"replies":[{"embeddable":true,"href":"https:\/\/jvelektronika.cz\/index.php?rest_route=%2Fwp%2Fv2%2Fcomments&post=3302"}],"version-history":[{"count":4,"href":"https:\/\/jvelektronika.cz\/index.php?rest_route=\/wp\/v2\/pages\/3302\/revisions"}],"predecessor-version":[{"id":3314,"href":"https:\/\/jvelektronika.cz\/index.php?rest_route=\/wp\/v2\/pages\/3302\/revisions\/3314"}],"up":[{"embeddable":true,"href":"https:\/\/jvelektronika.cz\/index.php?rest_route=\/wp\/v2\/pages\/254"}],"wp:featuredmedia":[{"embeddable":true,"href":"https:\/\/jvelektronika.cz\/index.php?rest_route=\/wp\/v2\/media\/3309"}],"wp:attachment":[{"href":"https:\/\/jvelektronika.cz\/index.php?rest_route=%2Fwp%2Fv2%2Fmedia&parent=3302"}],"curies":[{"name":"wp","href":"https:\/\/api.w.org\/{rel}","templated":true}]}}