{"id":3293,"date":"2021-09-23T20:02:59","date_gmt":"2021-09-23T18:02:59","guid":{"rendered":"https:\/\/jvelektronika.cz\/?page_id=3293"},"modified":"2021-09-25T09:43:38","modified_gmt":"2021-09-25T07:43:38","slug":"8x-led-blikac-s-pic-12f629","status":"publish","type":"page","link":"https:\/\/jvelektronika.cz\/?page_id=3293","title":{"rendered":"8x LED &#8211; BLIKA\u010c S PIC 12F629"},"content":{"rendered":"\n<p>Jednoduch\u00fd blika\u010d s PIC 12F629, kter\u00fd vytv\u00e1\u0159\u00ed velice p\u011bkn\u00fd efekt.<\/p>\n\n\n\n<p>P\u0159i pou\u017eit\u00ed jedn\u00e9 barvy led diod, lze blika\u010d vyu\u017e\u00edt i na kolo.<\/p>\n\n\n\n<p>Nap\u00e1jec\u00ed nap\u011bt\u00ed je 9V.<\/p>\n\n\n\n<p>Program pro CPU bude vlo\u017een brzy.<\/p>\n\n\n\n<figure class=\"wp-block-image\"><img decoding=\"async\" loading=\"lazy\" width=\"811\" height=\"592\" src=\"https:\/\/jvelektronika.cz\/wp-content\/uploads\/2021\/09\/LED-8X-BLIK-final-JV.jpg\" alt=\"\" class=\"wp-image-3300\" srcset=\"https:\/\/jvelektronika.cz\/wp-content\/uploads\/2021\/09\/LED-8X-BLIK-final-JV.jpg 811w, https:\/\/jvelektronika.cz\/wp-content\/uploads\/2021\/09\/LED-8X-BLIK-final-JV-300x219.jpg 300w, https:\/\/jvelektronika.cz\/wp-content\/uploads\/2021\/09\/LED-8X-BLIK-final-JV-768x561.jpg 768w\" sizes=\"(max-width: 811px) 100vw, 811px\" \/><\/figure>\n\n\n\n<p><\/p>\n\n\n\n<figure class=\"wp-block-embed-youtube wp-block-embed is-type-video is-provider-youtube wp-embed-aspect-16-9 wp-has-aspect-ratio\"><div class=\"wp-block-embed__wrapper\">\n<div class=\"epyt-video-wrapper\"><iframe loading=\"lazy\"  style=\"display: block; margin: 0px auto;\"  id=\"_ytid_10671\"  width=\"640\" height=\"360\"  data-origwidth=\"640\" data-origheight=\"360\" src=\"https:\/\/www.youtube.com\/embed\/qvdp73D0h84?enablejsapi=1&#038;autoplay=0&#038;cc_load_policy=0&#038;cc_lang_pref=&#038;iv_load_policy=1&#038;loop=0&#038;modestbranding=0&#038;rel=1&#038;fs=1&#038;playsinline=1&#038;autohide=2&#038;theme=dark&#038;color=red&#038;controls=1&#038;\" class=\"__youtube_prefs__  epyt-is-override  no-lazyload\" title=\"YouTube player\"  allow=\"accelerometer; autoplay; clipboard-write; encrypted-media; gyroscope; picture-in-picture\" allowfullscreen data-no-lazy=\"1\" data-skipgform_ajax_framebjll=\"\"><\/iframe><\/div>\n<\/div><\/figure>\n\n\n\n<p><\/p>\n\n\n\n<p>\n\nZa p\u0159\u00edpadn\u00e9 \u0161kody na majetku, nebo ujm\u011b na zdrav\u00ed nenesu \u017e\u00e1dnou odpov\u011bdnost!\n\n<\/p>\n\n\n\n<p>Publikov\u00e1no dne 23. 09. 2021<\/p>\n","protected":false},"excerpt":{"rendered":"<p>Jednoduch\u00fd blika\u010d s PIC 12F629, kter\u00fd vytv\u00e1\u0159\u00ed velice p\u011bkn\u00fd efekt. P\u0159i pou\u017eit\u00ed jedn\u00e9 barvy led diod, lze blika\u010d vyu\u017e\u00edt i na kolo. Nap\u00e1jec\u00ed nap\u011bt\u00ed je 9V. Program pro CPU bude vlo\u017een brzy. Za p\u0159\u00edpadn\u00e9 \u0161kody na majetku, nebo ujm\u011b na zdrav\u00ed nenesu \u017e\u00e1dnou odpov\u011bdnost! Publikov\u00e1no dne 23. 09. 2021<\/p>\n","protected":false},"author":1,"featured_media":3294,"parent":254,"menu_order":0,"comment_status":"closed","ping_status":"closed","template":"","meta":{"footnotes":""},"_links":{"self":[{"href":"https:\/\/jvelektronika.cz\/index.php?rest_route=\/wp\/v2\/pages\/3293"}],"collection":[{"href":"https:\/\/jvelektronika.cz\/index.php?rest_route=\/wp\/v2\/pages"}],"about":[{"href":"https:\/\/jvelektronika.cz\/index.php?rest_route=\/wp\/v2\/types\/page"}],"author":[{"embeddable":true,"href":"https:\/\/jvelektronika.cz\/index.php?rest_route=\/wp\/v2\/users\/1"}],"replies":[{"embeddable":true,"href":"https:\/\/jvelektronika.cz\/index.php?rest_route=%2Fwp%2Fv2%2Fcomments&post=3293"}],"version-history":[{"count":3,"href":"https:\/\/jvelektronika.cz\/index.php?rest_route=\/wp\/v2\/pages\/3293\/revisions"}],"predecessor-version":[{"id":3307,"href":"https:\/\/jvelektronika.cz\/index.php?rest_route=\/wp\/v2\/pages\/3293\/revisions\/3307"}],"up":[{"embeddable":true,"href":"https:\/\/jvelektronika.cz\/index.php?rest_route=\/wp\/v2\/pages\/254"}],"wp:featuredmedia":[{"embeddable":true,"href":"https:\/\/jvelektronika.cz\/index.php?rest_route=\/wp\/v2\/media\/3294"}],"wp:attachment":[{"href":"https:\/\/jvelektronika.cz\/index.php?rest_route=%2Fwp%2Fv2%2Fmedia&parent=3293"}],"curies":[{"name":"wp","href":"https:\/\/api.w.org\/{rel}","templated":true}]}}