{"id":3159,"date":"2021-04-22T14:52:16","date_gmt":"2021-04-22T12:52:16","guid":{"rendered":"https:\/\/jvelektronika.cz\/?page_id=3159"},"modified":"2021-04-24T13:27:29","modified_gmt":"2021-04-24T11:27:29","slug":"3d-tiskarna-ender-3-v2","status":"publish","type":"page","link":"https:\/\/jvelektronika.cz\/?page_id=3159","title":{"rendered":"3D TISK\u00c1RNA Ender 3 V2"},"content":{"rendered":"\n<p><\/p>\n\n\n\n<figure class=\"wp-block-image\"><img decoding=\"async\" loading=\"lazy\" width=\"450\" height=\"600\" src=\"https:\/\/jvelektronika.cz\/wp-content\/uploads\/2021\/04\/20210418_105552.jpg\" alt=\"\" class=\"wp-image-3164\" srcset=\"https:\/\/jvelektronika.cz\/wp-content\/uploads\/2021\/04\/20210418_105552.jpg 450w, https:\/\/jvelektronika.cz\/wp-content\/uploads\/2021\/04\/20210418_105552-225x300.jpg 225w\" sizes=\"(max-width: 450px) 100vw, 450px\" \/><\/figure>\n\n\n\n<p><\/p>\n\n\n\n<p>Po\u0159\u00eddil jsem si 3D tisk\u00e1rnu Ender 3 V2<\/p>\n\n\n\n<p>P\u0159i skladb\u011b doporu\u010duji po sestaven\u00ed p\u0159ed prvn\u00edm zapnut\u00ed prom\u011b\u0159it vzd\u00e1lenost os od sebe a v\u00fd\u0161ku obou okrajl, stalo se mi, \u017ee prav\u00e1 strana byla o cca. 8mm v\u00fd\u0161e a bylo to dv\u011bma \u0161roubu, musel sem rozebrat z \u010d\u00e1sti tisk\u00e1rnu abych se ke \u0161roub\u016fm dostal a pot\u00e9 dot\u00e1hnul.<\/p>\n\n\n\n<p><\/p>\n\n\n\n<ul class=\"wp-block-gallery columns-3 is-cropped wp-block-gallery-1 is-layout-flex wp-block-gallery-is-layout-flex\"><li class=\"blocks-gallery-item\"><figure><img decoding=\"async\" loading=\"lazy\" width=\"450\" height=\"600\" src=\"https:\/\/jvelektronika.cz\/wp-content\/uploads\/2021\/04\/20210415_195255.jpg\" alt=\"\" data-id=\"3160\" data-link=\"https:\/\/jvelektronika.cz\/?attachment_id=3160\" class=\"wp-image-3160\" srcset=\"https:\/\/jvelektronika.cz\/wp-content\/uploads\/2021\/04\/20210415_195255.jpg 450w, https:\/\/jvelektronika.cz\/wp-content\/uploads\/2021\/04\/20210415_195255-225x300.jpg 225w\" sizes=\"(max-width: 450px) 100vw, 450px\" \/><\/figure><\/li><li class=\"blocks-gallery-item\"><figure><img decoding=\"async\" loading=\"lazy\" width=\"532\" height=\"600\" src=\"https:\/\/jvelektronika.cz\/wp-content\/uploads\/2021\/04\/20210415_195300.jpg\" alt=\"\" data-id=\"3161\" data-link=\"https:\/\/jvelektronika.cz\/?attachment_id=3161\" class=\"wp-image-3161\" srcset=\"https:\/\/jvelektronika.cz\/wp-content\/uploads\/2021\/04\/20210415_195300.jpg 532w, https:\/\/jvelektronika.cz\/wp-content\/uploads\/2021\/04\/20210415_195300-266x300.jpg 266w\" sizes=\"(max-width: 532px) 100vw, 532px\" \/><\/figure><\/li><li class=\"blocks-gallery-item\"><figure><img decoding=\"async\" loading=\"lazy\" width=\"450\" height=\"600\" src=\"https:\/\/jvelektronika.cz\/wp-content\/uploads\/2021\/04\/20210415_220404.jpg\" alt=\"\" data-id=\"3162\" data-link=\"https:\/\/jvelektronika.cz\/?attachment_id=3162\" class=\"wp-image-3162\" srcset=\"https:\/\/jvelektronika.cz\/wp-content\/uploads\/2021\/04\/20210415_220404.jpg 450w, https:\/\/jvelektronika.cz\/wp-content\/uploads\/2021\/04\/20210415_220404-225x300.jpg 225w\" sizes=\"(max-width: 450px) 100vw, 450px\" \/><\/figure><\/li><li class=\"blocks-gallery-item\"><figure><img decoding=\"async\" loading=\"lazy\" width=\"800\" height=\"600\" src=\"https:\/\/jvelektronika.cz\/wp-content\/uploads\/2021\/04\/20210415_220409.jpg\" alt=\"\" data-id=\"3163\" data-link=\"https:\/\/jvelektronika.cz\/?attachment_id=3163\" class=\"wp-image-3163\" srcset=\"https:\/\/jvelektronika.cz\/wp-content\/uploads\/2021\/04\/20210415_220409.jpg 800w, https:\/\/jvelektronika.cz\/wp-content\/uploads\/2021\/04\/20210415_220409-300x225.jpg 300w, https:\/\/jvelektronika.cz\/wp-content\/uploads\/2021\/04\/20210415_220409-768x576.jpg 768w\" sizes=\"(max-width: 800px) 100vw, 800px\" \/><\/figure><\/li><\/ul>\n\n\n\n<p><\/p>\n\n\n\n<p>Prvn\u00ed tisk se p\u0159\u00edli\u0161 nepovedl. Doporu\u010duji d\u016fkladn\u011b zkalibrovat podlo\u017eku v\u016f\u010di trysce a klidn\u011b v\u0161e 5x zkontrolovat&#8230;<\/p>\n\n\n\n<p><\/p>\n\n\n\n<ul class=\"wp-block-gallery columns-3 is-cropped wp-block-gallery-3 is-layout-flex wp-block-gallery-is-layout-flex\"><li class=\"blocks-gallery-item\"><figure><img decoding=\"async\" loading=\"lazy\" width=\"800\" height=\"600\" src=\"https:\/\/jvelektronika.cz\/wp-content\/uploads\/2021\/04\/20210416_002346.jpg\" alt=\"\" data-id=\"3165\" data-link=\"https:\/\/jvelektronika.cz\/?attachment_id=3165\" class=\"wp-image-3165\" srcset=\"https:\/\/jvelektronika.cz\/wp-content\/uploads\/2021\/04\/20210416_002346.jpg 800w, https:\/\/jvelektronika.cz\/wp-content\/uploads\/2021\/04\/20210416_002346-300x225.jpg 300w, https:\/\/jvelektronika.cz\/wp-content\/uploads\/2021\/04\/20210416_002346-768x576.jpg 768w\" sizes=\"(max-width: 800px) 100vw, 800px\" \/><\/figure><\/li><li class=\"blocks-gallery-item\"><figure><img decoding=\"async\" loading=\"lazy\" width=\"450\" height=\"600\" src=\"https:\/\/jvelektronika.cz\/wp-content\/uploads\/2021\/04\/20210416_060259.jpg\" alt=\"\" data-id=\"3166\" data-link=\"https:\/\/jvelektronika.cz\/?attachment_id=3166\" class=\"wp-image-3166\" srcset=\"https:\/\/jvelektronika.cz\/wp-content\/uploads\/2021\/04\/20210416_060259.jpg 450w, https:\/\/jvelektronika.cz\/wp-content\/uploads\/2021\/04\/20210416_060259-225x300.jpg 225w\" sizes=\"(max-width: 450px) 100vw, 450px\" \/><\/figure><\/li><li class=\"blocks-gallery-item\"><figure><img decoding=\"async\" loading=\"lazy\" width=\"450\" height=\"600\" src=\"https:\/\/jvelektronika.cz\/wp-content\/uploads\/2021\/04\/20210416_193809.jpg\" alt=\"\" data-id=\"3167\" data-link=\"https:\/\/jvelektronika.cz\/?attachment_id=3167\" class=\"wp-image-3167\" srcset=\"https:\/\/jvelektronika.cz\/wp-content\/uploads\/2021\/04\/20210416_193809.jpg 450w, https:\/\/jvelektronika.cz\/wp-content\/uploads\/2021\/04\/20210416_193809-225x300.jpg 225w\" sizes=\"(max-width: 450px) 100vw, 450px\" \/><\/figure><\/li><\/ul>\n\n\n\n<p><\/p>\n\n\n\n<p>Program, kter\u00fd pou\u017e\u00edv\u00e1m na p\u0159evod soubor\u016f pro 3D tisk\u00e1rnu se jmenuje PrusaSlicer.<\/p>\n\n\n\n<p>\u00daVODN\u00cd VIDEO, POV\u00cdD\u00c1N\u00cd, SESTAVEN\u00cd A PRVN\u00cd TISK<\/p>\n\n\n\n<figure class=\"wp-block-embed-youtube wp-block-embed is-type-video is-provider-youtube wp-embed-aspect-16-9 wp-has-aspect-ratio\"><div class=\"wp-block-embed__wrapper\">\n<div class=\"epyt-video-wrapper\"><iframe loading=\"lazy\"  style=\"display: block; margin: 0px auto;\"  id=\"_ytid_31468\"  width=\"640\" height=\"360\"  data-origwidth=\"640\" data-origheight=\"360\" src=\"https:\/\/www.youtube.com\/embed\/Yu_KzC95Ei4?enablejsapi=1&#038;autoplay=0&#038;cc_load_policy=0&#038;cc_lang_pref=&#038;iv_load_policy=1&#038;loop=0&#038;modestbranding=0&#038;rel=1&#038;fs=1&#038;playsinline=1&#038;autohide=2&#038;theme=dark&#038;color=red&#038;controls=1&#038;\" class=\"__youtube_prefs__  epyt-is-override  no-lazyload\" title=\"YouTube player\"  allow=\"accelerometer; autoplay; clipboard-write; encrypted-media; gyroscope; picture-in-picture\" allowfullscreen data-no-lazy=\"1\" data-skipgform_ajax_framebjll=\"\"><\/iframe><\/div>\n<\/div><\/figure>\n\n\n\n<p><\/p>\n\n\n\n<ul class=\"wp-block-gallery columns-3 is-cropped wp-block-gallery-5 is-layout-flex wp-block-gallery-is-layout-flex\"><li class=\"blocks-gallery-item\"><figure><img decoding=\"async\" loading=\"lazy\" width=\"450\" height=\"600\" src=\"https:\/\/jvelektronika.cz\/wp-content\/uploads\/2021\/04\/20210417_123909.jpg\" alt=\"\" data-id=\"3168\" data-link=\"https:\/\/jvelektronika.cz\/?attachment_id=3168\" class=\"wp-image-3168\" srcset=\"https:\/\/jvelektronika.cz\/wp-content\/uploads\/2021\/04\/20210417_123909.jpg 450w, https:\/\/jvelektronika.cz\/wp-content\/uploads\/2021\/04\/20210417_123909-225x300.jpg 225w\" sizes=\"(max-width: 450px) 100vw, 450px\" \/><\/figure><\/li><li class=\"blocks-gallery-item\"><figure><img decoding=\"async\" loading=\"lazy\" width=\"450\" height=\"600\" src=\"https:\/\/jvelektronika.cz\/wp-content\/uploads\/2021\/04\/20210418_001922.jpg\" alt=\"\" data-id=\"3169\" data-link=\"https:\/\/jvelektronika.cz\/?attachment_id=3169\" class=\"wp-image-3169\" srcset=\"https:\/\/jvelektronika.cz\/wp-content\/uploads\/2021\/04\/20210418_001922.jpg 450w, https:\/\/jvelektronika.cz\/wp-content\/uploads\/2021\/04\/20210418_001922-225x300.jpg 225w\" sizes=\"(max-width: 450px) 100vw, 450px\" \/><\/figure><\/li><li class=\"blocks-gallery-item\"><figure><img decoding=\"async\" loading=\"lazy\" width=\"800\" height=\"600\" src=\"https:\/\/jvelektronika.cz\/wp-content\/uploads\/2021\/04\/20210418_094202.jpg\" alt=\"\" data-id=\"3170\" data-link=\"https:\/\/jvelektronika.cz\/?attachment_id=3170\" class=\"wp-image-3170\" srcset=\"https:\/\/jvelektronika.cz\/wp-content\/uploads\/2021\/04\/20210418_094202.jpg 800w, https:\/\/jvelektronika.cz\/wp-content\/uploads\/2021\/04\/20210418_094202-300x225.jpg 300w, https:\/\/jvelektronika.cz\/wp-content\/uploads\/2021\/04\/20210418_094202-768x576.jpg 768w\" sizes=\"(max-width: 800px) 100vw, 800px\" \/><\/figure><\/li><li class=\"blocks-gallery-item\"><figure><img decoding=\"async\" loading=\"lazy\" width=\"800\" height=\"600\" src=\"https:\/\/jvelektronika.cz\/wp-content\/uploads\/2021\/04\/20210418_094208.jpg\" alt=\"\" data-id=\"3171\" data-link=\"https:\/\/jvelektronika.cz\/?attachment_id=3171\" class=\"wp-image-3171\" srcset=\"https:\/\/jvelektronika.cz\/wp-content\/uploads\/2021\/04\/20210418_094208.jpg 800w, https:\/\/jvelektronika.cz\/wp-content\/uploads\/2021\/04\/20210418_094208-300x225.jpg 300w, https:\/\/jvelektronika.cz\/wp-content\/uploads\/2021\/04\/20210418_094208-768x576.jpg 768w\" sizes=\"(max-width: 800px) 100vw, 800px\" \/><\/figure><\/li><li class=\"blocks-gallery-item\"><figure><img decoding=\"async\" loading=\"lazy\" width=\"800\" height=\"600\" src=\"https:\/\/jvelektronika.cz\/wp-content\/uploads\/2021\/04\/20210418_105433.jpg\" alt=\"\" data-id=\"3172\" data-link=\"https:\/\/jvelektronika.cz\/?attachment_id=3172\" class=\"wp-image-3172\" srcset=\"https:\/\/jvelektronika.cz\/wp-content\/uploads\/2021\/04\/20210418_105433.jpg 800w, https:\/\/jvelektronika.cz\/wp-content\/uploads\/2021\/04\/20210418_105433-300x225.jpg 300w, https:\/\/jvelektronika.cz\/wp-content\/uploads\/2021\/04\/20210418_105433-768x576.jpg 768w\" sizes=\"(max-width: 800px) 100vw, 800px\" \/><\/figure><\/li><li class=\"blocks-gallery-item\"><figure><img decoding=\"async\" loading=\"lazy\" width=\"800\" height=\"600\" src=\"https:\/\/jvelektronika.cz\/wp-content\/uploads\/2021\/04\/20210418_105440.jpg\" alt=\"\" data-id=\"3173\" data-link=\"https:\/\/jvelektronika.cz\/?attachment_id=3173\" class=\"wp-image-3173\" srcset=\"https:\/\/jvelektronika.cz\/wp-content\/uploads\/2021\/04\/20210418_105440.jpg 800w, https:\/\/jvelektronika.cz\/wp-content\/uploads\/2021\/04\/20210418_105440-300x225.jpg 300w, https:\/\/jvelektronika.cz\/wp-content\/uploads\/2021\/04\/20210418_105440-768x576.jpg 768w\" sizes=\"(max-width: 800px) 100vw, 800px\" \/><\/figure><\/li><li class=\"blocks-gallery-item\"><figure><img decoding=\"async\" loading=\"lazy\" width=\"800\" height=\"600\" src=\"https:\/\/jvelektronika.cz\/wp-content\/uploads\/2021\/04\/20210418_105456.jpg\" alt=\"\" data-id=\"3174\" data-link=\"https:\/\/jvelektronika.cz\/?attachment_id=3174\" class=\"wp-image-3174\" srcset=\"https:\/\/jvelektronika.cz\/wp-content\/uploads\/2021\/04\/20210418_105456.jpg 800w, https:\/\/jvelektronika.cz\/wp-content\/uploads\/2021\/04\/20210418_105456-300x225.jpg 300w, https:\/\/jvelektronika.cz\/wp-content\/uploads\/2021\/04\/20210418_105456-768x576.jpg 768w\" sizes=\"(max-width: 800px) 100vw, 800px\" \/><\/figure><\/li><li class=\"blocks-gallery-item\"><figure><img decoding=\"async\" loading=\"lazy\" width=\"800\" height=\"600\" src=\"https:\/\/jvelektronika.cz\/wp-content\/uploads\/2021\/04\/20210418_105535.jpg\" alt=\"\" data-id=\"3175\" data-link=\"https:\/\/jvelektronika.cz\/?attachment_id=3175\" class=\"wp-image-3175\" srcset=\"https:\/\/jvelektronika.cz\/wp-content\/uploads\/2021\/04\/20210418_105535.jpg 800w, https:\/\/jvelektronika.cz\/wp-content\/uploads\/2021\/04\/20210418_105535-300x225.jpg 300w, https:\/\/jvelektronika.cz\/wp-content\/uploads\/2021\/04\/20210418_105535-768x576.jpg 768w\" sizes=\"(max-width: 800px) 100vw, 800px\" \/><\/figure><\/li><li class=\"blocks-gallery-item\"><figure><img decoding=\"async\" loading=\"lazy\" width=\"450\" height=\"600\" src=\"https:\/\/jvelektronika.cz\/wp-content\/uploads\/2021\/04\/20210418_105552-1.jpg\" alt=\"\" data-id=\"3176\" data-link=\"https:\/\/jvelektronika.cz\/?attachment_id=3176\" class=\"wp-image-3176\" srcset=\"https:\/\/jvelektronika.cz\/wp-content\/uploads\/2021\/04\/20210418_105552-1.jpg 450w, https:\/\/jvelektronika.cz\/wp-content\/uploads\/2021\/04\/20210418_105552-1-225x300.jpg 225w\" sizes=\"(max-width: 450px) 100vw, 450px\" \/><\/figure><\/li><li class=\"blocks-gallery-item\"><figure><img decoding=\"async\" loading=\"lazy\" width=\"800\" height=\"600\" src=\"https:\/\/jvelektronika.cz\/wp-content\/uploads\/2021\/04\/20210418_132157.jpg\" alt=\"\" data-id=\"3177\" data-link=\"https:\/\/jvelektronika.cz\/?attachment_id=3177\" class=\"wp-image-3177\" srcset=\"https:\/\/jvelektronika.cz\/wp-content\/uploads\/2021\/04\/20210418_132157.jpg 800w, https:\/\/jvelektronika.cz\/wp-content\/uploads\/2021\/04\/20210418_132157-300x225.jpg 300w, https:\/\/jvelektronika.cz\/wp-content\/uploads\/2021\/04\/20210418_132157-768x576.jpg 768w\" sizes=\"(max-width: 800px) 100vw, 800px\" \/><\/figure><\/li><li class=\"blocks-gallery-item\"><figure><img decoding=\"async\" loading=\"lazy\" width=\"800\" height=\"600\" src=\"https:\/\/jvelektronika.cz\/wp-content\/uploads\/2021\/04\/20210418_132208.jpg\" alt=\"\" data-id=\"3178\" data-link=\"https:\/\/jvelektronika.cz\/?attachment_id=3178\" class=\"wp-image-3178\" srcset=\"https:\/\/jvelektronika.cz\/wp-content\/uploads\/2021\/04\/20210418_132208.jpg 800w, https:\/\/jvelektronika.cz\/wp-content\/uploads\/2021\/04\/20210418_132208-300x225.jpg 300w, https:\/\/jvelektronika.cz\/wp-content\/uploads\/2021\/04\/20210418_132208-768x576.jpg 768w\" sizes=\"(max-width: 800px) 100vw, 800px\" \/><\/figure><\/li><li class=\"blocks-gallery-item\"><figure><img decoding=\"async\" loading=\"lazy\" width=\"800\" height=\"600\" src=\"https:\/\/jvelektronika.cz\/wp-content\/uploads\/2021\/04\/20210418_162430.jpg\" alt=\"\" data-id=\"3179\" data-link=\"https:\/\/jvelektronika.cz\/?attachment_id=3179\" class=\"wp-image-3179\" srcset=\"https:\/\/jvelektronika.cz\/wp-content\/uploads\/2021\/04\/20210418_162430.jpg 800w, https:\/\/jvelektronika.cz\/wp-content\/uploads\/2021\/04\/20210418_162430-300x225.jpg 300w, https:\/\/jvelektronika.cz\/wp-content\/uploads\/2021\/04\/20210418_162430-768x576.jpg 768w\" sizes=\"(max-width: 800px) 100vw, 800px\" \/><\/figure><\/li><li class=\"blocks-gallery-item\"><figure><img decoding=\"async\" loading=\"lazy\" width=\"450\" height=\"600\" src=\"https:\/\/jvelektronika.cz\/wp-content\/uploads\/2021\/04\/20210418_162929.jpg\" alt=\"\" data-id=\"3180\" data-link=\"https:\/\/jvelektronika.cz\/?attachment_id=3180\" class=\"wp-image-3180\" srcset=\"https:\/\/jvelektronika.cz\/wp-content\/uploads\/2021\/04\/20210418_162929.jpg 450w, https:\/\/jvelektronika.cz\/wp-content\/uploads\/2021\/04\/20210418_162929-225x300.jpg 225w\" sizes=\"(max-width: 450px) 100vw, 450px\" \/><\/figure><\/li><li class=\"blocks-gallery-item\"><figure><img decoding=\"async\" loading=\"lazy\" width=\"800\" height=\"600\" src=\"https:\/\/jvelektronika.cz\/wp-content\/uploads\/2021\/04\/20210421_165425.jpg\" alt=\"\" data-id=\"3181\" data-link=\"https:\/\/jvelektronika.cz\/?attachment_id=3181\" class=\"wp-image-3181\" srcset=\"https:\/\/jvelektronika.cz\/wp-content\/uploads\/2021\/04\/20210421_165425.jpg 800w, https:\/\/jvelektronika.cz\/wp-content\/uploads\/2021\/04\/20210421_165425-300x225.jpg 300w, https:\/\/jvelektronika.cz\/wp-content\/uploads\/2021\/04\/20210421_165425-768x576.jpg 768w\" sizes=\"(max-width: 800px) 100vw, 800px\" \/><\/figure><\/li><li class=\"blocks-gallery-item\"><figure><img decoding=\"async\" loading=\"lazy\" width=\"800\" height=\"600\" src=\"https:\/\/jvelektronika.cz\/wp-content\/uploads\/2021\/04\/20210421_165449.jpg\" alt=\"\" data-id=\"3182\" data-link=\"https:\/\/jvelektronika.cz\/?attachment_id=3182\" class=\"wp-image-3182\" srcset=\"https:\/\/jvelektronika.cz\/wp-content\/uploads\/2021\/04\/20210421_165449.jpg 800w, https:\/\/jvelektronika.cz\/wp-content\/uploads\/2021\/04\/20210421_165449-300x225.jpg 300w, https:\/\/jvelektronika.cz\/wp-content\/uploads\/2021\/04\/20210421_165449-768x576.jpg 768w\" sizes=\"(max-width: 800px) 100vw, 800px\" \/><\/figure><\/li><\/ul>\n\n\n\n<p><\/p>\n\n\n\n<p>Posledn\u00ed aktualizace 24. 04. 2021<\/p>\n","protected":false},"excerpt":{"rendered":"<p>Po\u0159\u00eddil jsem si 3D tisk\u00e1rnu Ender 3 V2 P\u0159i skladb\u011b doporu\u010duji po sestaven\u00ed p\u0159ed prvn\u00edm zapnut\u00ed prom\u011b\u0159it vzd\u00e1lenost os od sebe a v\u00fd\u0161ku obou okrajl, stalo se mi, \u017ee prav\u00e1 strana byla o cca. 8mm v\u00fd\u0161e a bylo to dv\u011bma \u0161roubu, musel sem rozebrat z \u010d\u00e1sti tisk\u00e1rnu abych se ke [&hellip;]<\/p>\n","protected":false},"author":1,"featured_media":0,"parent":0,"menu_order":0,"comment_status":"closed","ping_status":"closed","template":"","meta":{"footnotes":""},"_links":{"self":[{"href":"https:\/\/jvelektronika.cz\/index.php?rest_route=\/wp\/v2\/pages\/3159"}],"collection":[{"href":"https:\/\/jvelektronika.cz\/index.php?rest_route=\/wp\/v2\/pages"}],"about":[{"href":"https:\/\/jvelektronika.cz\/index.php?rest_route=\/wp\/v2\/types\/page"}],"author":[{"embeddable":true,"href":"https:\/\/jvelektronika.cz\/index.php?rest_route=\/wp\/v2\/users\/1"}],"replies":[{"embeddable":true,"href":"https:\/\/jvelektronika.cz\/index.php?rest_route=%2Fwp%2Fv2%2Fcomments&post=3159"}],"version-history":[{"count":3,"href":"https:\/\/jvelektronika.cz\/index.php?rest_route=\/wp\/v2\/pages\/3159\/revisions"}],"predecessor-version":[{"id":3206,"href":"https:\/\/jvelektronika.cz\/index.php?rest_route=\/wp\/v2\/pages\/3159\/revisions\/3206"}],"wp:attachment":[{"href":"https:\/\/jvelektronika.cz\/index.php?rest_route=%2Fwp%2Fv2%2Fmedia&parent=3159"}],"curies":[{"name":"wp","href":"https:\/\/api.w.org\/{rel}","templated":true}]}}