{"id":2826,"date":"2020-07-10T22:06:40","date_gmt":"2020-07-10T20:06:40","guid":{"rendered":"http:\/\/jvelektronika.cz\/?page_id=2826"},"modified":"2020-07-10T22:08:54","modified_gmt":"2020-07-10T20:08:54","slug":"zcela-novy-plazmonovy-cip-pro-ultra-rychly-prenos-dat-pomoci-svetla","status":"publish","type":"page","link":"https:\/\/jvelektronika.cz\/?page_id=2826","title":{"rendered":"Zcela nov\u00fd plazmonov\u00fd \u010dip pro ultra rychl\u00fd p\u0159enos dat pomoc\u00ed sv\u011btla"},"content":{"rendered":"\n<p><\/p>\n\n\n\n<p> V\u011bdci z ETH v Curychu dos\u00e1hli toho, co se v\u011bdci pokou\u0161ej\u00ed d\u011blat asi 20 let: ve sv\u00e9 laboratorn\u00ed pr\u00e1ci jako sou\u010d\u00e1st v\u00fdzkumn\u00fdch projekt\u016f evropsk\u00e9ho Horizontu 2020 vyrobili \u010dip, na kter\u00e9m lze rychl\u00e9 elektronick\u00e9 sign\u00e1ly p\u0159ev\u00e9st p\u0159\u00edmo na ultra rychl\u00e9 sv\u011bteln\u00e9 sign\u00e1ly &#8211;  prakticky bez ztr\u00e1ty kvality sign\u00e1lu.&nbsp; <\/p>\n\n\n\n<p><\/p>\n\n\n\n<figure class=\"wp-block-image\"><img decoding=\"async\" loading=\"lazy\" width=\"1024\" height=\"512\" src=\"http:\/\/jvelektronika.cz\/wp-content\/uploads\/2020\/07\/jveplazma\u010dip-1024x512.jpg\" alt=\"\" class=\"wp-image-2827\" srcset=\"https:\/\/jvelektronika.cz\/wp-content\/uploads\/2020\/07\/jveplazma\u010dip-1024x512.jpg 1024w, https:\/\/jvelektronika.cz\/wp-content\/uploads\/2020\/07\/jveplazma\u010dip-300x150.jpg 300w, https:\/\/jvelektronika.cz\/wp-content\/uploads\/2020\/07\/jveplazma\u010dip-768x384.jpg 768w, https:\/\/jvelektronika.cz\/wp-content\/uploads\/2020\/07\/jveplazma\u010dip.jpg 1914w\" sizes=\"(max-width: 1024px) 100vw, 1024px\" \/><\/figure>\n\n\n\n<p><strong>elektronika a sv\u011btlo na stejn\u00e9m \u010dipu<\/strong><\/p>\n\n\n\n<p><\/p>\n\n\n\n<p>Rostouc\u00ed popt\u00e1vka bude vy\u017eadovat nov\u00e1 \u0159e\u0161en\u00ed,\u201c \u0159\u00edk\u00e1 Juerg Leuthold, profesor fotoniky a komunikac\u00ed ETH.&nbsp;\u201eKl\u00ed\u010dem k tomuto posunu paradigmatu je kombinace elektronick\u00fdch a fotonick\u00fdch prvk\u016f na jedin\u00e9m \u010dipu.\u201c&nbsp;Pole fotoniky studuje optick\u00e9 technologie pro p\u0159enos, ukl\u00e1d\u00e1n\u00ed a zpracov\u00e1n\u00ed informac\u00ed.<\/p>\n\n\n\n<p>V\u011bdci ETH nyn\u00ed dos\u00e1hli pr\u00e1v\u011b t\u00e9to kombinace: v experimentu prov\u00e1d\u011bn\u00e9m ve spolupr\u00e1ci s partnery v N\u011bmecku, USA, Izraeli a \u0158ecku byli schopni poprv\u00e9 spojit elektronick\u00e9 a sv\u011bteln\u00e9 prvky na jednom a stejn\u00e9m \u010dipu poprv\u00e9. .&nbsp;Z technick\u00e9ho hlediska je to obrovsk\u00fd krok, proto\u017ee tyto prvky mus\u00ed b\u00fdt v sou\u010dasn\u00e9 dob\u011b vyr\u00e1b\u011bny na samostatn\u00fdch \u010dipech a pot\u00e9 propojeny s dr\u00e1ty.<\/p>\n\n\n\n<p><\/p>\n\n\n\n<figure class=\"wp-block-image\"><img decoding=\"async\" loading=\"lazy\" width=\"800\" height=\"600\" src=\"http:\/\/jvelektronika.cz\/wp-content\/uploads\/2020\/07\/jve\u010dip.jpg\" alt=\"\" class=\"wp-image-2828\" srcset=\"https:\/\/jvelektronika.cz\/wp-content\/uploads\/2020\/07\/jve\u010dip.jpg 800w, https:\/\/jvelektronika.cz\/wp-content\/uploads\/2020\/07\/jve\u010dip-300x225.jpg 300w, https:\/\/jvelektronika.cz\/wp-content\/uploads\/2020\/07\/jve\u010dip-768x576.jpg 768w\" sizes=\"(max-width: 800px) 100vw, 800px\" \/><\/figure>\n\n\n\n<p><\/p>\n\n\n\n<p> \u201ePokud p\u0159evedete elektronick\u00e9 sign\u00e1ly na sv\u011bteln\u00e9 sign\u00e1ly pomoc\u00ed samostatn\u00fdch \u010dip\u016f, ztrat\u00edte zna\u010dn\u00e9 mno\u017estv\u00ed kvality sign\u00e1lu. To tak\u00e9 omezuje rychlost p\u0159enosu dat pomoc\u00ed sv\u011btla,\u201c \u0159\u00edk\u00e1 Koch.&nbsp;Jeho p\u0159\u00edstup tedy za\u010d\u00edn\u00e1 modul\u00e1torem, slo\u017ekou na \u010dipu, kter\u00e1 generuje sv\u011btlo dan\u00e9 intenzity p\u0159em\u011bnou elektrick\u00fdch sign\u00e1l\u016f na sv\u011bteln\u00e9 vlny.&nbsp;Velikost modul\u00e1toru mus\u00ed b\u00fdt co mo\u017en\u00e1 nejmen\u0161\u00ed, aby nedo\u0161lo ke ztr\u00e1t\u011b kvality a intenzity&nbsp;procesu p\u0159em\u011bny&nbsp;a aby bylo mo\u017en\u00e9 p\u0159en\u00e1\u0161et sv\u011btlo &#8211; nebo sp\u00ed\u0161e data &#8211; rychleji, ne\u017e je dnes mo\u017en\u00e9. <\/p>\n\n\n\n<p><\/p>\n\n\n\n<p> &#8222;Nyn\u00ed jsme p\u0159ekonali rozd\u00edl ve velikosti mezi fotonikou a elektronikou nahrazen\u00edm fotoniky plazmonikou,&#8220; \u0159\u00edk\u00e1 Leuthold.&nbsp;V\u011bdci ji\u017e deset let p\u0159edpov\u00eddaj\u00ed, \u017ee plazmonics, co\u017e je odv\u011btv\u00ed fotoniky, by mohl poskytnout z\u00e1klad pro ultrarychl\u00e9 \u010dipy.&nbsp;Plasmonics lze pou\u017e\u00edt k vytla\u010den\u00ed sv\u011bteln\u00fdch vln do struktur, kter\u00e9 jsou mnohem men\u0161\u00ed ne\u017e vlnov\u00e1 d\u00e9lka sv\u011btla. <\/p>\n\n\n\n<p><\/p>\n\n\n\n<p>Zdroj informac\u00ed:  <a href=\"https:\/\/ethz.ch\/de.html\">https:\/\/ethz.ch\/de.html<\/a> <\/p>\n\n\n\n<p>Publikov\u00e1no dne 10. 7. 2020<\/p>\n","protected":false},"excerpt":{"rendered":"<p>V\u011bdci z ETH v Curychu dos\u00e1hli toho, co se v\u011bdci pokou\u0161ej\u00ed d\u011blat asi 20 let: ve sv\u00e9 laboratorn\u00ed pr\u00e1ci jako sou\u010d\u00e1st v\u00fdzkumn\u00fdch projekt\u016f evropsk\u00e9ho Horizontu 2020 vyrobili \u010dip, na kter\u00e9m lze rychl\u00e9 elektronick\u00e9 sign\u00e1ly p\u0159ev\u00e9st p\u0159\u00edmo na ultra rychl\u00e9 sv\u011bteln\u00e9 sign\u00e1ly &#8211; prakticky bez ztr\u00e1ty kvality sign\u00e1lu.&nbsp; elektronika a sv\u011btlo [&hellip;]<\/p>\n","protected":false},"author":1,"featured_media":0,"parent":0,"menu_order":0,"comment_status":"closed","ping_status":"closed","template":"","meta":{"footnotes":""},"_links":{"self":[{"href":"https:\/\/jvelektronika.cz\/index.php?rest_route=\/wp\/v2\/pages\/2826"}],"collection":[{"href":"https:\/\/jvelektronika.cz\/index.php?rest_route=\/wp\/v2\/pages"}],"about":[{"href":"https:\/\/jvelektronika.cz\/index.php?rest_route=\/wp\/v2\/types\/page"}],"author":[{"embeddable":true,"href":"https:\/\/jvelektronika.cz\/index.php?rest_route=\/wp\/v2\/users\/1"}],"replies":[{"embeddable":true,"href":"https:\/\/jvelektronika.cz\/index.php?rest_route=%2Fwp%2Fv2%2Fcomments&post=2826"}],"version-history":[{"count":2,"href":"https:\/\/jvelektronika.cz\/index.php?rest_route=\/wp\/v2\/pages\/2826\/revisions"}],"predecessor-version":[{"id":2830,"href":"https:\/\/jvelektronika.cz\/index.php?rest_route=\/wp\/v2\/pages\/2826\/revisions\/2830"}],"wp:attachment":[{"href":"https:\/\/jvelektronika.cz\/index.php?rest_route=%2Fwp%2Fv2%2Fmedia&parent=2826"}],"curies":[{"name":"wp","href":"https:\/\/api.w.org\/{rel}","templated":true}]}}

Zcela nový plazmonový čip pro ultra rychlý přenos dat pomocí světla

<p></p>



<p> Vědci z ETH v Curychu dosáhli toho, co se vědci pokoušejí dělat asi 20 let: ve své laboratorní práci jako součást výzkumných projektů evropského Horizontu 2020 vyrobili čip, na kterém lze rychlé elektronické signály převést přímo na ultra rychlé světelné signály &#8211;  prakticky bez ztráty kvality signálu.&nbsp; </p>



<p></p>



<figure class="wp-block-image"><img decoding="async" loading="lazy" width="1024" height="512" src="http://jvelektronika.cz/wp-content/uploads/2020/07/jveplazmačip-1024x512.jpg" alt="" class="wp-image-2827" srcset="https://jvelektronika.cz/wp-content/uploads/2020/07/jveplazmačip-1024x512.jpg 1024w, https://jvelektronika.cz/wp-content/uploads/2020/07/jveplazmačip-300x150.jpg 300w, https://jvelektronika.cz/wp-content/uploads/2020/07/jveplazmačip-768x384.jpg 768w, https://jvelektronika.cz/wp-content/uploads/2020/07/jveplazmačip.jpg 1914w" sizes="(max-width: 1024px) 100vw, 1024px" /></figure>



<p><strong>elektronika a světlo na stejném čipu</strong></p>



<p></p>



<p>Rostoucí poptávka bude vyžadovat nová řešení,“ říká Juerg Leuthold, profesor fotoniky a komunikací ETH.&nbsp;„Klíčem k tomuto posunu paradigmatu je kombinace elektronických a fotonických prvků na jediném čipu.“&nbsp;Pole fotoniky studuje optické technologie pro přenos, ukládání a zpracování informací.</p>



<p>Vědci ETH nyní dosáhli právě této kombinace: v experimentu prováděném ve spolupráci s partnery v Německu, USA, Izraeli a Řecku byli schopni poprvé spojit elektronické a světelné prvky na jednom a stejném čipu poprvé. .&nbsp;Z technického hlediska je to obrovský krok, protože tyto prvky musí být v současné době vyráběny na samostatných čipech a poté propojeny s dráty.</p>



<p></p>



<figure class="wp-block-image"><img decoding="async" loading="lazy" width="800" height="600" src="http://jvelektronika.cz/wp-content/uploads/2020/07/jvečip.jpg" alt="" class="wp-image-2828" srcset="https://jvelektronika.cz/wp-content/uploads/2020/07/jvečip.jpg 800w, https://jvelektronika.cz/wp-content/uploads/2020/07/jvečip-300x225.jpg 300w, https://jvelektronika.cz/wp-content/uploads/2020/07/jvečip-768x576.jpg 768w" sizes="(max-width: 800px) 100vw, 800px" /></figure>



<p></p>



<p> „Pokud převedete elektronické signály na světelné signály pomocí samostatných čipů, ztratíte značné množství kvality signálu. To také omezuje rychlost přenosu dat pomocí světla,“ říká Koch.&nbsp;Jeho přístup tedy začíná modulátorem, složkou na čipu, která generuje světlo dané intenzity přeměnou elektrických signálů na světelné vlny.&nbsp;Velikost modulátoru musí být co možná nejmenší, aby nedošlo ke ztrátě kvality a intenzity&nbsp;procesu přeměny&nbsp;a aby bylo možné přenášet světlo &#8211; nebo spíše data &#8211; rychleji, než je dnes možné. </p>



<p></p>



<p> &#8222;Nyní jsme překonali rozdíl ve velikosti mezi fotonikou a elektronikou nahrazením fotoniky plazmonikou,&#8220; říká Leuthold.&nbsp;Vědci již deset let předpovídají, že plazmonics, což je odvětví fotoniky, by mohl poskytnout základ pro ultrarychlé čipy.&nbsp;Plasmonics lze použít k vytlačení světelných vln do struktur, které jsou mnohem menší než vlnová délka světla. </p>



<p></p>



<p>Zdroj informací:  <a href="https://ethz.ch/de.html">https://ethz.ch/de.html</a> </p>



<p>Publikováno dne 10. 7. 2020</p>

<p>Vědci z ETH v Curychu dosáhli toho, co se vědci pokoušejí dělat asi 20 let: ve své laboratorní práci jako součást výzkumných projektů evropského Horizontu 2020 vyrobili čip, na kterém lze rychlé elektronické signály převést přímo na ultra rychlé světelné signály &#8211; prakticky bez ztráty kvality signálu.&nbsp; elektronika a světlo [&hellip;]</p>
