{"id":2798,"date":"2020-05-20T16:57:54","date_gmt":"2020-05-20T14:57:54","guid":{"rendered":"http:\/\/jvelektronika.cz\/?page_id=2798"},"modified":"2020-05-20T16:57:55","modified_gmt":"2020-05-20T14:57:55","slug":"foto-3d-tiskarny","status":"publish","type":"page","link":"https:\/\/jvelektronika.cz\/?page_id=2798","title":{"rendered":"FOTO 3D TISK\u00c1RNY"},"content":{"rendered":"\n<p><\/p>\n\n\n\n<p>Tuto tisk\u00e1rnu jsem dostal od kamar\u00e1da. Budu si sn\u00ed muset pom\u011brn\u011b dost vyhr\u00e1t. Zde je zat\u00edm n\u011bkolik fotografi\u00ed tisk\u00e1rny k datu: 20. 05. 2020<\/p>\n\n\n\n<p>M\u00e1m informaci, \u017ee nov\u00e1 \u0159\u00eddic\u00ed jednotka i s displejem ji\u017e dorazila do \u010cR&#8230;<\/p>\n\n\n\n\n\n<ul class=\"wp-block-gallery columns-3 is-cropped wp-block-gallery-1 is-layout-flex wp-block-gallery-is-layout-flex\"><li class=\"blocks-gallery-item\"><figure><a href=\"http:\/\/jvelektronika.cz\/?attachment_id=2805\"><img decoding=\"async\" loading=\"lazy\" width=\"800\" height=\"600\" src=\"http:\/\/jvelektronika.cz\/wp-content\/uploads\/2020\/05\/IMG_20200520_144021.jpg\" alt=\"\" data-id=\"2805\" data-link=\"http:\/\/jvelektronika.cz\/?attachment_id=2805\" class=\"wp-image-2805\" srcset=\"https:\/\/jvelektronika.cz\/wp-content\/uploads\/2020\/05\/IMG_20200520_144021.jpg 800w, https:\/\/jvelektronika.cz\/wp-content\/uploads\/2020\/05\/IMG_20200520_144021-300x225.jpg 300w, https:\/\/jvelektronika.cz\/wp-content\/uploads\/2020\/05\/IMG_20200520_144021-768x576.jpg 768w\" sizes=\"(max-width: 800px) 100vw, 800px\" \/><\/a><\/figure><\/li><li class=\"blocks-gallery-item\"><figure><a href=\"http:\/\/jvelektronika.cz\/?attachment_id=2804\"><img decoding=\"async\" loading=\"lazy\" width=\"800\" height=\"600\" src=\"http:\/\/jvelektronika.cz\/wp-content\/uploads\/2020\/05\/IMG_20200520_144016.jpg\" alt=\"\" data-id=\"2804\" data-link=\"http:\/\/jvelektronika.cz\/?attachment_id=2804\" class=\"wp-image-2804\" srcset=\"https:\/\/jvelektronika.cz\/wp-content\/uploads\/2020\/05\/IMG_20200520_144016.jpg 800w, https:\/\/jvelektronika.cz\/wp-content\/uploads\/2020\/05\/IMG_20200520_144016-300x225.jpg 300w, https:\/\/jvelektronika.cz\/wp-content\/uploads\/2020\/05\/IMG_20200520_144016-768x576.jpg 768w\" sizes=\"(max-width: 800px) 100vw, 800px\" \/><\/a><\/figure><\/li><li class=\"blocks-gallery-item\"><figure><a href=\"http:\/\/jvelektronika.cz\/?attachment_id=2803\"><img decoding=\"async\" loading=\"lazy\" width=\"800\" height=\"600\" src=\"http:\/\/jvelektronika.cz\/wp-content\/uploads\/2020\/05\/IMG_20200520_144013.jpg\" alt=\"\" data-id=\"2803\" data-link=\"http:\/\/jvelektronika.cz\/?attachment_id=2803\" class=\"wp-image-2803\" srcset=\"https:\/\/jvelektronika.cz\/wp-content\/uploads\/2020\/05\/IMG_20200520_144013.jpg 800w, https:\/\/jvelektronika.cz\/wp-content\/uploads\/2020\/05\/IMG_20200520_144013-300x225.jpg 300w, https:\/\/jvelektronika.cz\/wp-content\/uploads\/2020\/05\/IMG_20200520_144013-768x576.jpg 768w\" sizes=\"(max-width: 800px) 100vw, 800px\" \/><\/a><\/figure><\/li><li class=\"blocks-gallery-item\"><figure><a href=\"http:\/\/jvelektronika.cz\/?attachment_id=2802\"><img decoding=\"async\" loading=\"lazy\" width=\"800\" height=\"600\" src=\"http:\/\/jvelektronika.cz\/wp-content\/uploads\/2020\/05\/IMG_20200520_144007.jpg\" alt=\"\" data-id=\"2802\" data-link=\"http:\/\/jvelektronika.cz\/?attachment_id=2802\" class=\"wp-image-2802\" srcset=\"https:\/\/jvelektronika.cz\/wp-content\/uploads\/2020\/05\/IMG_20200520_144007.jpg 800w, https:\/\/jvelektronika.cz\/wp-content\/uploads\/2020\/05\/IMG_20200520_144007-300x225.jpg 300w, https:\/\/jvelektronika.cz\/wp-content\/uploads\/2020\/05\/IMG_20200520_144007-768x576.jpg 768w\" sizes=\"(max-width: 800px) 100vw, 800px\" \/><\/a><\/figure><\/li><li class=\"blocks-gallery-item\"><figure><a href=\"http:\/\/jvelektronika.cz\/?attachment_id=2801\"><img decoding=\"async\" loading=\"lazy\" width=\"800\" height=\"600\" src=\"http:\/\/jvelektronika.cz\/wp-content\/uploads\/2020\/05\/IMG_20200520_143959.jpg\" alt=\"\" data-id=\"2801\" data-link=\"http:\/\/jvelektronika.cz\/?attachment_id=2801\" class=\"wp-image-2801\" srcset=\"https:\/\/jvelektronika.cz\/wp-content\/uploads\/2020\/05\/IMG_20200520_143959.jpg 800w, https:\/\/jvelektronika.cz\/wp-content\/uploads\/2020\/05\/IMG_20200520_143959-300x225.jpg 300w, https:\/\/jvelektronika.cz\/wp-content\/uploads\/2020\/05\/IMG_20200520_143959-768x576.jpg 768w\" sizes=\"(max-width: 800px) 100vw, 800px\" \/><\/a><\/figure><\/li><li class=\"blocks-gallery-item\"><figure><a href=\"http:\/\/jvelektronika.cz\/?attachment_id=2800\"><img decoding=\"async\" loading=\"lazy\" width=\"450\" height=\"600\" src=\"http:\/\/jvelektronika.cz\/wp-content\/uploads\/2020\/05\/IMG_20200520_143956.jpg\" alt=\"\" data-id=\"2800\" data-link=\"http:\/\/jvelektronika.cz\/?attachment_id=2800\" class=\"wp-image-2800\" srcset=\"https:\/\/jvelektronika.cz\/wp-content\/uploads\/2020\/05\/IMG_20200520_143956.jpg 450w, https:\/\/jvelektronika.cz\/wp-content\/uploads\/2020\/05\/IMG_20200520_143956-225x300.jpg 225w\" sizes=\"(max-width: 450px) 100vw, 450px\" \/><\/a><\/figure><\/li><li class=\"blocks-gallery-item\"><figure><a href=\"http:\/\/jvelektronika.cz\/?attachment_id=2799\"><img decoding=\"async\" loading=\"lazy\" width=\"450\" height=\"600\" src=\"http:\/\/jvelektronika.cz\/wp-content\/uploads\/2020\/05\/IMG_20200520_143953.jpg\" alt=\"\" data-id=\"2799\" data-link=\"http:\/\/jvelektronika.cz\/?attachment_id=2799\" class=\"wp-image-2799\" srcset=\"https:\/\/jvelektronika.cz\/wp-content\/uploads\/2020\/05\/IMG_20200520_143953.jpg 450w, https:\/\/jvelektronika.cz\/wp-content\/uploads\/2020\/05\/IMG_20200520_143953-225x300.jpg 225w\" sizes=\"(max-width: 450px) 100vw, 450px\" \/><\/a><\/figure><\/li><\/ul>\n","protected":false},"excerpt":{"rendered":"<p>Tuto tisk\u00e1rnu jsem dostal od kamar\u00e1da. Budu si sn\u00ed muset pom\u011brn\u011b dost vyhr\u00e1t. Zde je zat\u00edm n\u011bkolik fotografi\u00ed tisk\u00e1rny k datu: 20. 05. 2020 M\u00e1m informaci, \u017ee nov\u00e1 \u0159\u00eddic\u00ed jednotka i s displejem ji\u017e dorazila do \u010cR&#8230;<\/p>\n","protected":false},"author":1,"featured_media":0,"parent":0,"menu_order":0,"comment_status":"closed","ping_status":"closed","template":"","meta":{"footnotes":""},"_links":{"self":[{"href":"https:\/\/jvelektronika.cz\/index.php?rest_route=\/wp\/v2\/pages\/2798"}],"collection":[{"href":"https:\/\/jvelektronika.cz\/index.php?rest_route=\/wp\/v2\/pages"}],"about":[{"href":"https:\/\/jvelektronika.cz\/index.php?rest_route=\/wp\/v2\/types\/page"}],"author":[{"embeddable":true,"href":"https:\/\/jvelektronika.cz\/index.php?rest_route=\/wp\/v2\/users\/1"}],"replies":[{"embeddable":true,"href":"https:\/\/jvelektronika.cz\/index.php?rest_route=%2Fwp%2Fv2%2Fcomments&post=2798"}],"version-history":[{"count":1,"href":"https:\/\/jvelektronika.cz\/index.php?rest_route=\/wp\/v2\/pages\/2798\/revisions"}],"predecessor-version":[{"id":2806,"href":"https:\/\/jvelektronika.cz\/index.php?rest_route=\/wp\/v2\/pages\/2798\/revisions\/2806"}],"wp:attachment":[{"href":"https:\/\/jvelektronika.cz\/index.php?rest_route=%2Fwp%2Fv2%2Fmedia&parent=2798"}],"curies":[{"name":"wp","href":"https:\/\/api.w.org\/{rel}","templated":true}]}}