{"id":265,"date":"2014-08-17T08:59:03","date_gmt":"2014-08-17T06:59:03","guid":{"rendered":"http:\/\/jvelektronika.cz\/?page_id=265"},"modified":"2019-01-05T11:14:11","modified_gmt":"2019-01-05T10:14:11","slug":"zableskovy-blikac-2","status":"publish","type":"page","link":"https:\/\/jvelektronika.cz\/?page_id=265","title":{"rendered":"Z\u00c1BLESKOV\u00dd BLIKA\u010c 2"},"content":{"rendered":"<div>\n<h1>Z\u00c1BLESKOV\u00dd BLIKA\u010c 2<\/h1>\n<\/div>\n<div>\n<div><ins>10.01.2014 05:52<\/ins>\n<p>\u00a0<\/p>\n<h3>Z\u00c1BLESKOV\u00dd BLIKA\u010c<\/h3>\n<p>\u00a0<\/p>\n<p>Toto sch\u00e9ma nen\u00ed p\u0159evzat\u00e9 z jin\u00e9ho webu apod.<\/p>\n<p>Dal\u0161\u00ed \u0161\u00ed\u0159en\u00ed bez m\u00e9ho souhlasu je zak\u00e1z\u00e1no!!!<\/p>\n<p>\u00a0<\/p>\n<p>Jedn\u00e1 se o jednoduch\u00e9 zapojen\u00ed z\u00e1bleskov\u00e9ho blika\u010de s mo\u017enosti p\u0159ipojit a\u017e 3 LED diody paraleln\u011b za sebou.<\/p>\n<p>Jak je vid\u011bt ze sch\u00e9matu, tak jsou pou\u017eity dva r\u016fzn\u00e9 tranzistory, jeden NPN ( BC238B ) a druh\u00fd PNP ( BC308B ).<\/p>\n<p>\u00a0<\/p>\n<p>\u00a0<\/p>\n<p>Za p\u0159\u00edpadn\u00e9 \u0161kody na majetku, nebo ujm\u011b na zdrav\u00ed nenesu \u017e\u00e1dnou odpov\u011bdnost!!!<\/p>\n<\/div>\n<\/div>\n<p>\u00a0<\/p>\n<p>\u00a0<\/p>\n<p>\u00a0<\/p>\n<p><iframe loading=\"lazy\" width=\"640\" height=\"360\" src=\"https:\/\/www.youtube.com\/embed\/wryG-_pwkUc?feature=oembed\" frameborder=\"0\" allow=\"accelerometer; autoplay; encrypted-media; gyroscope; picture-in-picture\" allowfullscreen><\/iframe><\/p>\n\n\n<figure class=\"wp-block-image\"><img decoding=\"async\" loading=\"lazy\" width=\"426\" height=\"355\" src=\"http:\/\/jvelektronika.cz\/wp-content\/uploads\/2015\/02\/blika\u010d-blesk-2.jpg\" alt=\"\" class=\"wp-image-669\" srcset=\"https:\/\/jvelektronika.cz\/wp-content\/uploads\/2015\/02\/blika\u010d-blesk-2.jpg 426w, https:\/\/jvelektronika.cz\/wp-content\/uploads\/2015\/02\/blika\u010d-blesk-2-300x249.jpg 300w\" sizes=\"(max-width: 426px) 100vw, 426px\" \/><\/figure>\n","protected":false},"excerpt":{"rendered":"<p>Z\u00c1BLESKOV\u00dd BLIKA\u010c 2 10.01.2014 05:52 \u00a0 Z\u00c1BLESKOV\u00dd BLIKA\u010c \u00a0 Toto sch\u00e9ma nen\u00ed p\u0159evzat\u00e9 z jin\u00e9ho webu apod. Dal\u0161\u00ed \u0161\u00ed\u0159en\u00ed bez m\u00e9ho souhlasu je zak\u00e1z\u00e1no!!! \u00a0 Jedn\u00e1 se o jednoduch\u00e9 zapojen\u00ed z\u00e1bleskov\u00e9ho blika\u010de s mo\u017enosti p\u0159ipojit a\u017e 3 LED diody paraleln\u011b za sebou. Jak je vid\u011bt ze sch\u00e9matu, tak jsou pou\u017eity [&hellip;]<\/p>\n","protected":false},"author":1,"featured_media":0,"parent":254,"menu_order":0,"comment_status":"closed","ping_status":"open","template":"","meta":{"footnotes":""},"_links":{"self":[{"href":"https:\/\/jvelektronika.cz\/index.php?rest_route=\/wp\/v2\/pages\/265"}],"collection":[{"href":"https:\/\/jvelektronika.cz\/index.php?rest_route=\/wp\/v2\/pages"}],"about":[{"href":"https:\/\/jvelektronika.cz\/index.php?rest_route=\/wp\/v2\/types\/page"}],"author":[{"embeddable":true,"href":"https:\/\/jvelektronika.cz\/index.php?rest_route=\/wp\/v2\/users\/1"}],"replies":[{"embeddable":true,"href":"https:\/\/jvelektronika.cz\/index.php?rest_route=%2Fwp%2Fv2%2Fcomments&post=265"}],"version-history":[{"count":3,"href":"https:\/\/jvelektronika.cz\/index.php?rest_route=\/wp\/v2\/pages\/265\/revisions"}],"predecessor-version":[{"id":2028,"href":"https:\/\/jvelektronika.cz\/index.php?rest_route=\/wp\/v2\/pages\/265\/revisions\/2028"}],"up":[{"embeddable":true,"href":"https:\/\/jvelektronika.cz\/index.php?rest_route=\/wp\/v2\/pages\/254"}],"wp:attachment":[{"href":"https:\/\/jvelektronika.cz\/index.php?rest_route=%2Fwp%2Fv2%2Fmedia&parent=265"}],"curies":[{"name":"wp","href":"https:\/\/api.w.org\/{rel}","templated":true}]}}