{"id":254,"date":"2014-08-17T08:48:51","date_gmt":"2014-08-17T06:48:51","guid":{"rendered":"http:\/\/jvelektronika.cz\/?page_id=254"},"modified":"2022-06-18T20:13:58","modified_gmt":"2022-06-18T18:13:58","slug":"elektroschemata","status":"publish","type":"page","link":"https:\/\/jvelektronika.cz\/?page_id=254","title":{"rendered":"Elektrosch\u00e9mata"},"content":{"rendered":"<h3><span style=\"color: #ff0000;\">TATO KONKR\u00c9TN\u00cd STR\u00c1NKA JI\u017d NEBUDE AKTUALIZOV\u00c1NA A \u010cASEM BUDOU ODSTRAN\u011aNY JEDNOTLIV\u00c9 ODKAZY NA SCH\u00c9MATA. NYN\u00cd JSOU VE\u0160KER\u00c9 STR\u00c1NKY CO JSOU I ZDE A V\u0160ECHNY BUDOUC\u00cd STR\u00c1NKY S V\u00ddROBKY A SCH\u00c9MATY ROZT\u0158\u00cdD\u011aNY PODLE KATEGORI\u00cd A JE UM\u00cdST\u011aNO ROZBALOVAC\u00cd MENU. JE TO NYN\u00cd ZM\u011aN\u011aN\u00c9 I Z D\u016eVODU LEP\u0160\u00cdHO VYHLED\u00c1V\u00c1N\u00cd V POU\u017d\u00cdVAN\u00ddCH VYHLEDAVA\u010c\u016e ( GOOGLE, SEZNAM, BING A DAL\u0160\u00cd ). P\u016eVODN\u00cd STAR\u00dd SP\u016eSOB JE JI\u017d MNOHO LET ZASTARAL\u00dd&#8230;. v\u011b\u0159\u00edm, \u017ee nyn\u00ed bude v\u0161em tato zm\u011bna vyhovovat&#8230;.<\/span><\/h3>\n<p><span style=\"color: #ff6600;\">( Aktualizace dne 18. 6. 2022 )<\/span><\/p>\n<h3><\/h3>\n<h3><\/h3>\n<h3><\/h3>\n<h3><a href=\"https:\/\/jvelektronika.cz\/?page_id=3435\"><span style=\"color: #3366ff;\">DETEKTOR SEVERN\u00cdHO A JI\u017dN\u00cdHO P\u00d3LU MAGNETU<\/span><\/a><\/h3>\n<p>Velice jednoduch\u00e9 zapojen\u00ed s pomoc\u00ed HALLOVA \u010cIDLA, kter\u00e9 naleznete v ka\u017ed\u00e9m ventil\u00e1toru t\u0159eba v po\u010d\u00edta\u010di.<\/p>\n<h3><a href=\"https:\/\/jvelektronika.cz\/?page_id=3363\">Wireless LEDs<\/a><\/h3>\n<p>Uk\u00e1zka vyu\u017eit\u00ed indukovan\u00e9ho nap\u011bt\u00ed za pomoci bezdr\u00e1tov\u00e9 nab\u00edje\u010dky k telefonu.<\/p>\n<h3><a href=\"https:\/\/jvelektronika.cz\/?page_id=3302\">SIGNALIZA\u010cN\u00cd BLIKA\u010c S PIC 12F629 DO TMY NAP\u0158. NA BATOH, NEBO TA\u0160KU<\/a><\/h3>\n<p>Jednoduch\u00fd blika\u010d s jednou led diodou a d\u00edky pou\u017eit\u00ed PIC 12F629 si lze nastavit efekt blik\u00e1n\u00ed, kter\u00fd V\u00e1m bude vyhovovat. Tento v\u00fdrobek v\u0161ak neslou\u017e\u00ed, jako n\u00e1hrada za reflexn\u00ed p\u00e1sek.<\/p>\n<h3><a href=\"https:\/\/jvelektronika.cz\/?page_id=3293\">8x LED &#8211; BLIKA\u010c S PIC 12F629<\/a><\/h3>\n<p>Jednoduch\u00fd blika\u010d s CPU od Microchipu.<\/p>\n<h3><\/h3>\n<h3><span style=\"color: #008080;\"><a style=\"color: #008080;\" href=\"https:\/\/jvelektronika.cz\/?page_id=3279\">DOTYKOV\u00dd SENZOR S NE555<\/a><\/span><\/h3>\n<p>Jedn\u00e1 se o velice jednoduch\u00e9 zapojen\u00ed s velmi obl\u00edben\u00fdm IO NE555. Zapojen\u00ed je vhodn\u00e9 pro za\u010d\u00e1te\u010dn\u00edky i d\u011bti co se u\u010d\u00ed pozn\u00e1vat elektroniku.<\/p>\n<h3><a href=\"https:\/\/jvelektronika.cz\/?page_id=2999\">PLAZMA KOULE<\/a><\/h3>\n<p>Pouze video.<\/p>\n<h3><a href=\"http:\/\/jvelektronika.cz\/?page_id=1366\" target=\"_blank\" rel=\"noopener noreferrer\">SOUMRAKOV\u00dd SP\u00cdNA\u010c<\/a><\/h3>\n<p>Pro za\u010d\u00e1te\u010dn\u00edky. POUZE 4 SOU\u010c\u00c1STKY.<\/p>\n<h3><\/h3>\n<h3><a href=\"http:\/\/jvelektronika.cz\/?page_id=1283http:\/\/\" target=\"_blank\" rel=\"noopener noreferrer\"><span style=\"color: #0000ff;\">GENER\u00c1TOR SIGN\u00c1LU-TEST NA OSCILOSKOPU RIGOL<\/span><\/a><\/h3>\n<p>POUZE VIDEO<\/p>\n<h3><\/h3>\n<h3><a title=\"Tranzistorov\u00fd blika\u010d 3x led\" href=\"http:\/\/jvelektronika.cz\/?page_id=1018http:\/\/\" target=\"_blank\" rel=\"noopener noreferrer\">Tranzistorov\u00fd blika\u010d 3x LED<\/a><\/h3>\n<p>Jednoduch\u00e9 zapojen\u00ed tranzistorov\u00e9ho blika\u010de se t\u0159emi led. Za\u0159\u00edzen\u00ed funguje na principu astabiln\u00edho klopn\u00e9ho obvodu.<\/p>\n<h3><\/h3>\n<h3><a href=\"http:\/\/jvelektronika.cz\/?page_id=299\" target=\"_blank\" rel=\"noopener noreferrer\">8 Led Chaser<\/a><\/h3>\n<p>Led Chaser s osmi led \u00a0 Sch\u00e9ma na konci str\u00e1nky V\u00fdrobek m\u00e1m ji\u017e sestaven\u00fd. Zat\u00edm mus\u00edm naprogramovat Periodick\u00fd \u010dasova\u010d PIC 12F629. \u00a0Video bude hotov\u00e9 asi koncem \u0159\u00edjna a sch\u00e9ma vlo\u017e\u00edm do 14 dn\u016f. \u00a0 Program pro nahr\u00e1n\u00ed do PIC12F629:&#8230;<\/p>\n<div><\/div>\n<h3><a href=\"http:\/\/jvelektronika.cz\/?page_id=309\" target=\"_blank\" rel=\"noopener noreferrer\">Blika\u010d k mobilu<\/a><\/h3>\n<p>Toto sch\u00e9ma nen\u00ed p\u0159evzat\u00e9 z jin\u00e9ho webu apod. Dal\u0161\u00ed \u0161\u00ed\u0159en\u00ed bez m\u00e9ho souhlasu je zak\u00e1z\u00e1no!!! \u00a0 Ji\u017e druh\u00e9 sch\u00e9ma kreslen\u00e9 v programu!!! \u00a0 Na konci str\u00e1nky si m\u016f\u017eete prohl\u00e9dnout video. \u00a0 \u00a0 Blika\u010d k mobilu \u00a0 Dip\u00f3l lze vyrobit z c\u00edvky o v\u011bt\u0161\u00edm pr\u016fm\u011bru, nebo m\u011bd\u011bn\u00e9ho dr\u00e1tu o&#8230;<\/p>\n<h3><a href=\"http:\/\/jvelektronika.cz\/?page_id=256\" target=\"_blank\" rel=\"noopener noreferrer\">Blika\u010d na kolo<\/a><\/h3>\n<p>JEDNODUCH\u00dd BLIKA\u010c NA KOLO \u00a0 Toto sch\u00e9ma nen\u00ed p\u0159evzat\u00e9 z jin\u00e9ho webu apod. Dal\u0161\u00ed \u0161\u00ed\u0159en\u00ed bez m\u00e9ho souhlasu je zak\u00e1z\u00e1no!!! \u00a0 Brzy dal\u0161\u00ed info. \u00a0 \u00a0 \u00a0 Za p\u0159\u00edpadn\u00e9 \u0161kody na majetku, nebo ujm\u011b na zdrav\u00ed nenesu \u017e\u00e1dnou odpov\u011bdnost!!!<\/p>\n<h3><a href=\"http:\/\/jvelektronika.cz\/?page_id=297\" target=\"_blank\" rel=\"noopener noreferrer\">Blika\u010d RGB<\/a><\/h3>\n<p>Blika\u010d RGB s 3 LED a PIC 12F629 \u00a0 Toto sch\u00e9ma nen\u00ed p\u0159evzat\u00e9 z jin\u00e9ho webu apod. Dal\u0161\u00ed \u0161\u00ed\u0159en\u00ed bez m\u00e9ho souhlasu je zak\u00e1z\u00e1no!! \u00a0 Na konci str\u00e1nky je vlo\u017eeno tak\u00e9 video. \u00a0 RGB blika\u010d s 3 LED a 3 Funkce s mikroprocesorem PIC 12F629 \u00a0 Program pro PIC 12F629 m\u016f\u017eete stahovat z odkazu:&#8230;<\/p>\n<h3><a href=\"http:\/\/jvelektronika.cz\/?page_id=301\" target=\"_blank\" rel=\"noopener noreferrer\">Blika\u010d s jednou led diodou<\/a><\/h3>\n<p>Blika\u010d s jednou led diodou \u00a0 Toto sch\u00e9ma nen\u00ed p\u0159evzat\u00e9 z jin\u00e9ho webu apod. Dal\u0161\u00ed \u0161\u00ed\u0159en\u00ed bez m\u00e9ho souhlasu je zak\u00e1z\u00e1no!! V\u00edce z Jednoduch\u00fd blika\u010d s jednou led diodou \u00a0 Na konci str\u00e1nky se m\u016f\u017eete pod\u00edvat na video. \u00a0 Z\u00e1\u0159\u00edzen\u00ed funguje jako Schmitt\u016fv klopn\u00fd obvod. Rezistory R3 a&#8230;<\/p>\n<h3><a href=\"http:\/\/jvelektronika.cz\/?page_id=313\" target=\"_blank\" rel=\"noopener noreferrer\">Blika\u010d s led<\/a><\/h3>\n<p>Toto sch\u00e9ma nen\u00ed p\u0159evzat\u00e9 z jin\u00e9ho webu. Dal\u0161\u00ed \u0161\u00ed\u0159en\u00ed tohoto sch\u00e9matu je zak\u00e1z\u00e1no!!! V\u00edc Blika\u010d se dv\u011bmi led st\u0159\u00eddav\u011b blikajic\u00edmi \u00a0 Na konci str\u00e1nky si m\u016f\u017eete prohl\u00e9dnout video. Nov\u00e9 video pod n\u00e1zvem BLIKA\u010c SE DV\u011aMI LED DIODAMI REVIZE 1.2 \u00a0 N\u00e1vrh na DPS vlo\u017een pod&#8230;<\/p>\n<h3><a href=\"http:\/\/jvelektronika.cz\/?page_id=315\" target=\"_blank\" rel=\"noopener noreferrer\">Blika\u010d se t\u0159emi led<\/a><\/h3>\n<p>Toto sch\u00e9ma nen\u00ed p\u0159evzat\u00e9 z jin\u00e9ho webu. Dal\u0161\u00ed \u0161\u00ed\u0159en\u00ed tohoto sch\u00e9matu je zak\u00e1z\u00e1no!!! V\u00edce zd \u00a0 Blika\u010d se t\u0159emi led \u00a0 POZOR &#8211; 3 led diody je maximum, lze tak\u00e9 pou\u017e\u00edt pouze 2 led diody. \u00a0 Pomoc\u00ed trimru se nastavuje rychlost blik\u00e1n\u00ed V\u0161echny 3 led diody blikaj\u00ed..<\/p>\n<h3><a href=\"http:\/\/jvelektronika.cz\/?page_id=327\" target=\"_blank\" rel=\"noopener noreferrer\">Blika\u010d se \u017e\u00e1rovkou<\/a><\/h3>\n<p>Toto sch\u00e9ma nen\u00ed p\u0159evzat\u00e9 z jin\u00e9ho webu a nen\u00ed p\u0159ekop\u00edrovan\u00e9 z knihy apod. \u00a0 \u0160\u00cd\u0158EN\u00cd A KOP\u00cdROV\u00c1N\u00cd TOHOTO SCH\u00c9MATU JE ZAK\u00c1Z\u00c1NO!!! \u00a0 Na konci str\u00e1nky si m\u016f\u017eete prohl\u00e9dnout video. \u00a0 Douf\u00e1m, \u017ee nebude vadit zp\u016fsob jak\u00fdm je zde sch\u00e9ma vlo\u017eeno, ale je to proto aby bylo obt\u00ed\u017en\u011bj\u0161\u00ed \u0161\u00ed\u0159en\u00ed bez&#8230;<\/p>\n<h3><a href=\"http:\/\/jvelektronika.cz\/?page_id=323\" target=\"_blank\" rel=\"noopener noreferrer\">Detektor el. pol\u00ed<\/a><\/h3>\n<p>Detektor el. pol\u00ed Toto sch\u00e9ma nen\u00ed p\u0159evzat\u00e9 z jin\u00e9ho webu ani p\u0159ekop\u00edrovan\u00e9 z jin\u00e9 str\u00e1nky. Sch\u00e9ma toho to detektoru je v\u0161eobecn\u011b zn\u00e1m\u00e9 ve sv\u011bt\u011b. \u0160\u00ed\u0159en\u00ed sch\u00e9matu ( jako obr\u00e1zku ) z t\u00e9to str\u00e1nky na jin\u00e9 weby je zak\u00e1z\u00e1no. \u00a0 Na konci str\u00e1nky si m\u016f\u017eete prohl\u00e9dnout video. \u00a0 D\u00edky Darlingtonov\u011b..<\/p>\n<h3><a href=\"http:\/\/jvelektronika.cz\/?page_id=319\" target=\"_blank\" rel=\"noopener noreferrer\">Detektor kov\u016f<\/a><\/h3>\n<p>Detektor kov\u016f Toto sch\u00e9ma nen\u00ed p\u0159evzat\u00e9 z jin\u00e9ho webu. Dal\u0161\u00ed \u0161\u00ed\u0159en\u00ed tohoto sch\u00e9matu je zak\u00e1z\u00e1no!!! \u00a0 Na konci str\u00e1nky si m\u016f\u017eete prohl\u00e9dnout video. \u00a0 V sekci download si m\u016f\u017eete st\u00e1hnout sch\u00e9ma a pohled ze strany spoj\u016f ve vysok\u00e9m rozli\u0161en\u00ed + rozpis sou\u010d\u00e1stek. \u00a0 Za\u0159\u00edzen\u00ed um\u00ed detekovat&#8230;<\/p>\n<h3><a href=\"http:\/\/jvelektronika.cz\/?page_id=325\" target=\"_blank\" rel=\"noopener noreferrer\">Detektor pohybu<\/a><\/h3>\n<p>Detektor pohybu \u00a0 Toto sch\u00e9ma nen\u00ed p\u0159evzat\u00e9 z jin\u00e9ho webu ani p\u0159ekop\u00edrovan\u00e9 z jin\u00e9 str\u00e1nky. Sch\u00e9ma toho to detektoru je v\u0161eobecn\u011b zn\u00e1m\u00e9 ve sv\u011bt\u011b. \u0160\u00ed\u0159en\u00ed sch\u00e9matu ( jako obr\u00e1zku ) z t\u00e9to str\u00e1nky na jin\u00e9 weby je zak\u00e1z\u00e1no. \u00a0 Na konci str\u00e1nky si m\u016f\u017eete prohl\u00e9dnout video. \u00a0 Toto za\u0159\u00edzen\u00ed&#8230;<\/p>\n<h3><a href=\"http:\/\/jvelektronika.cz\/?page_id=275\" target=\"_blank\" rel=\"noopener noreferrer\">Hleda\u010d elektrick\u00e9ho veden\u00ed<\/a><\/h3>\n<p>Hleda\u010d elektrick\u00e9ho veden\u00ed V\u00edce zd Toto sch\u00e9ma nen\u00ed p\u0159evzat\u00e9 z jin\u00e9ho webu apod. Dal\u0161\u00ed \u0161\u00ed\u0159en\u00ed bez m\u00e9ho souhlasu je zak\u00e1z\u00e1no!!! V\u00edce zd Detektor el. veden\u00ed ve zdi \u00a0 Toto za\u0159\u00edzen\u00ed jsem vyrobyl ji\u017e na z\u00e1kladn\u00ed \u0161kole a tehdy se mi v\u017edy tranzistor typu JFET BF245 odp\u00e1lil a j\u00e1 p\u0159i\u0161el&#8230;<\/p>\n<h3><a href=\"http:\/\/jvelektronika.cz\/?page_id=263\" target=\"_blank\" rel=\"noopener noreferrer\">INDIK\u00c1TOR VLHKOSTI<\/a><\/h3>\n<p>DETEKTOR \/ INDIK\u00c1TOR VLHKOSTI \u00a0 Toto sch\u00e9ma nen\u00ed p\u0159evzat\u00e9 z jin\u00e9ho webu apod. Dal\u0161\u00ed \u0161\u00ed\u0159en\u00ed bez m\u00e9ho souhlasu je zak\u00e1z\u00e1no!!! \u00a0 Za\u0159\u00edzen\u00ed je vhodn\u00e9 jako nap\u0159. hl\u00edda\u010d vlhkosti u kv\u011btin ( zeminy, nebo p\u016fdy ). \u00a0 N\u00e1vrh na DPS vlo\u017e\u00edm v brzk\u00e9 dob\u011b. \u00a0 \u00a0 Integrovan\u00fd obvod pro tento&#8230;<\/p>\n<h3><a href=\"http:\/\/jvelektronika.cz\/?page_id=273\" target=\"_blank\" rel=\"noopener noreferrer\">Infra d\u00e1lkov\u00e9 ovl\u00e1d\u00e1n\u00ed ZAPNI \/ VYPNI<\/a><\/h3>\n<p>Infra-\u010derven\u00e9 d\u00e1lkov\u00e9 ovl\u00e1d\u00e1n\u00ed\u00a0 ZAPNI \/ VYPNI Toto sch\u00e9ma nen\u00ed p\u0159evzat\u00e9 z jin\u00e9ho webu apod. Dal\u0161\u00ed \u0161\u00ed\u0159en\u00ed bez m\u00e9ho souhlasu je zak\u00e1z\u00e1no!!! \u00a0 Infra ovl\u00e1d\u00e1n\u00ed \u00a0 Vys\u00edl\u00e1\u010d &#8211; SCH\u00c9MA \u00a0 Oscil\u00e1tor s IO555 vytv\u00e1\u0159\u00ed sign\u00e1l s frekvenc\u00ed asi 36 a\u017e 38kHz IR diodu lze pou\u017e\u00edt nap\u0159&#8230;.<\/p>\n<h3><a href=\"http:\/\/jvelektronika.cz\/?page_id=295\" target=\"_blank\" rel=\"noopener noreferrer\">JDM program\u00e1tor pro PIC 12F629<\/a><\/h3>\n<p>JDM program\u00e1tor pro PIC 12F629 \u00a0 NA KONCI STR\u00c1NKY JE VLO\u017dENO VIDEO ! NA VLASTN\u00cd NEBEZBE\u010c\u00cd ! NA KONCI STR\u00c1NKY VLO\u017dEN OBR\u00c1ZKOV\u00dd MANU\u00c1L PROPOJEN\u00cd PROGRAM\u00c1TORU S PC. Program\u00e1tor se p\u0159ipojuje k po\u010d\u00edta\u010di pomoc\u00ed s\u00e9riov\u00e9ho portu COM 1 ( 2 ). Z USB portu se bere konstatn\u00ed nap\u011bt\u00ed 5V, kter\u00e9 lze&#8230;<\/p>\n<h3><a href=\"http:\/\/jvelektronika.cz\/?page_id=293\" target=\"_blank\" rel=\"noopener noreferrer\">Knight Rider &#8211; 5 Led blika\u010d<\/a><\/h3>\n<p>Knight Rider\u00a0 LED blika\u010d s PIC 12F628 \u00a0 Toto sch\u00e9ma nen\u00ed p\u0159evzat\u00e9 z jin\u00e9ho webu apod. Dal\u0161\u00ed \u0161\u00ed\u0159en\u00ed bez m\u00e9ho souhlasu je zak\u00e1z\u00e1no!!! V\u00edce 5 LED DIOD KNIGHT RIDER BLIKA\u010c &#8211; 2 EFEKTY \u00a0 S periodick\u00fdm \u010dasova\u010dem: Mikroprocesor PIC 12F629 \u00a0 Na konci str\u00e1nky se m\u016f\u017eete pod\u00edvat na&#8230;<\/p>\n<h3><a href=\"http:\/\/jvelektronika.cz\/?page_id=321\" target=\"_blank\" rel=\"noopener noreferrer\">Krystalka<\/a><\/h3>\n<p>POZOR : Toto sch\u00e9ma nen\u00ed p\u0159evzat\u00e9 z jin\u00e9ho vebu apod. \u0160\u00ed\u0159en\u00ed bez m\u00e9ho souhlasu tohoto sch\u00e9mata je zak\u00e1z\u00e1no. \u00a0 Krystalka \u00a0 Sluch\u00e1tko mus\u00ed m\u00edt min. 2000\u03a9 a diody jsou germaniov\u00e9. Uzem\u011bn\u00ed nap\u0159. topen\u00ed, nebo trubka od topen\u00ed apod. P\u0159\u00edjem r\u00e1diov\u00e9ho vys\u00edl\u00e1n\u00ed AM. \u00a0 Jde o jednoduch\u00fd radiov\u00fd&#8230;<\/p>\n<h3><a href=\"http:\/\/jvelektronika.cz\/?page_id=267\" target=\"_blank\" rel=\"noopener noreferrer\">LED blika\u010d s nastavitelnou frekvenc\u00ed blik\u00e1n\u00ed<\/a><\/h3>\n<p>LED blika\u010d s nastavitelnou frekvenc\u00ed blik\u00e1n\u00ed Toto sch\u00e9ma nen\u00ed p\u0159evzat\u00e9 z jin\u00e9ho webu apod. Dal\u0161\u00ed \u0161\u00ed\u0159en\u00ed bez m\u00e9ho souhlasu je zak\u00e1z\u00e1no!!! V\u00edce zde: NA KONCI STR\u00c1NKY SE M\u016e\u017dETE POD\u00cdVAT NA VIDEO. \u00a0 POPIS \u00a0 Popis bude vlo\u017een v brzk\u00e9&#8230;<\/p>\n<h3><a href=\"http:\/\/jvelektronika.cz\/?page_id=311\" target=\"_blank\" rel=\"noopener noreferrer\">Logick\u00e1 sonda<\/a><\/h3>\n<p>Sch\u00e9ma nen\u00ed p\u0159evz\u00e1te z jin\u00e9ho webu apod. \u0160\u00ed\u0159en\u00ed bez m\u00e9ho souhlasu je zak\u00e1z\u00e1no!!! \u00a0 ! POZOR ! Prvn\u00ed sch\u00e9ma kreslen\u00e9 v programu na m\u00e9m webu. \u00a0 Logick\u00e1 sonda \u00a0 P\u016fvodn\u011b jsem m\u011bl\u00a0 v pl\u00e1nu vlo\u017eit LOGICKOU SONDU\u00a0 se dv\u011bma led, ale dle m\u00e9ho n\u00e1zoru je tak to proveden\u00e1 LOGICK\u00c1 SONDA&#8230;<\/p>\n<h3><a href=\"http:\/\/jvelektronika.cz\/?page_id=283\" target=\"_blank\" rel=\"noopener noreferrer\">Logick\u00e1 sonda s tranzistory<\/a><\/h3>\n<p>Logick\u00e1 sonda Jednoduch\u00e1 logck\u00e1 sonda s tranzistory \u00a0 Toto sch\u00e9ma nen\u00ed p\u0159evzat\u00e9 z jin\u00e9ho webu apod. Dal\u0161\u00ed \u0161\u00ed\u0159en\u00ed bez m\u00e9ho souhlasu je zak\u00e1z\u00e1no!!! \u00a0 Na konci str\u00e1nky se m\u016f\u017eete pod\u00edvat na video. V\u00edce zde: Poku\u010f se na vstup ( HROT ) p\u0159ipoj\u00ed logick\u00e1 jedni\u010dka sepne se tranzistor T1 a&#8230;<\/p>\n<h3><a href=\"http:\/\/jvelektronika.cz\/?page_id=291\" target=\"_blank\" rel=\"noopener noreferrer\">Melodick\u00fd gener\u00e1tor zvuk\u016f<\/a><\/h3>\n<p>Melodick\u00fd gener\u00e1tor zvuk\u016f \u00a0 Na konci str\u00e1nky se m\u016f\u017eete pod\u00edvat na video. \u00a0 Omlouv\u00e1m se za proveden\u00ed sch\u00e9matu. Z d\u016fvodu nedostatku \u010dasu jsem ho ud\u011blal t\u00edmto zp\u016fsobem av\u0161ak je zcela p\u0159ehledn\u00e9. Tranzistor s kondenz\u00e1torem jsou pou\u017eity jako zesilova\u010d. Cel\u00e9 za\u0159\u00edzen\u00ed lze nap\u00e1jet pouze jedno&#8230;<\/p>\n<h3><a href=\"http:\/\/jvelektronika.cz\/?page_id=281\" target=\"_blank\" rel=\"noopener noreferrer\">M\u011bni\u010d nap\u011bt\u00ed z 0,4V na 1,5V<\/a><\/h3>\n<p>M\u011bni\u010d nap\u011bt\u00ed M\u011bni\u010d nap\u011bt\u00ed z 0,4V na 1,5V \u00a0 Toto sch\u00e9ma nen\u00ed p\u0159evzat\u00e9 z jin\u00e9ho webu apod. Dal\u0161\u00ed \u0161\u00ed\u0159en\u00ed bez m\u00e9ho souhlasu je zak\u00e1z\u00e1no!!! \u00a0 \u00a0Brzy ud\u011bl\u00e1m video&#8230; Brzy dal\u0161\u00ed info.. ( 19. 2. 2013 ) \u00a0 Toto za\u0159\u00edzen\u00ed je mo\u017en\u00e9 pou\u017e\u00edt nap\u0159\u00edklad u citr\u00f3nu z kter\u00e9ho dostaneme&#8230;<\/p>\n<h3><a href=\"http:\/\/jvelektronika.cz\/?page_id=279\" target=\"_blank\" rel=\"noopener noreferrer\">M\u011bni\u010d nap\u011bt\u00ed z 1,5V na 15V<\/a><\/h3>\n<p>M\u011bni\u010d nap\u011bt\u00ed z 1,5V na 15V M\u011bni\u010d nap\u011bt\u00ed \u00a0 Toto sch\u00e9ma nen\u00ed p\u0159evzat\u00e9 z jin\u00e9ho webu apod. Dal\u0161\u00ed \u0161\u00ed\u0159en\u00ed bez m\u00e9ho souhlasu je zak\u00e1z\u00e1no!!! V\u00edce zde D2 = Rychl\u00e1 schottkyho dioda D1 = Zenerova dioda ( Poku\u010f diodu vynech\u00e1te, tak se kondenz\u00e1tor nabije a\u017e na 90V ). C1 = 220uF \/ 100V L1 =&#8230;<\/p>\n<h3><a href=\"http:\/\/jvelektronika.cz\/?page_id=269\" target=\"_blank\" rel=\"noopener noreferrer\">METRONOM S NE555 A LED DIODOU<\/a><\/h3>\n<p>METRONOM S NE555 A LED DIODOU Toto sch\u00e9ma nen\u00ed p\u0159evzat\u00e9 z jin\u00e9ho webu apod. Dal\u0161\u00ed \u0161\u00ed\u0159en\u00ed bez m\u00e9ho souhlasu je zak\u00e1z\u00e1no!!! \u00a0 Jedn\u00e1 se o jednoduch\u00e9 zapojen\u00ed metronomu s \u010dasova\u010dem ne555 a krom reproduktoru je zde i led dioda. Brzy bude i sch\u00e9ma. \u00a0 \u00a0 \u00a0 \u00a0 V\u00edce zde Za&#8230;<\/p>\n<h3><a href=\"http:\/\/jvelektronika.cz\/?page_id=258\" target=\"_blank\" rel=\"noopener noreferrer\">Nastaviteln\u00fd \u010dasova\u010d s NE555<\/a><\/h3>\n<p>Nastaviteln\u00fd \u010dasova\u010d s NE555 \u00a0 Toto sch\u00e9ma nen\u00ed p\u0159evzat\u00e9 z jin\u00e9ho webu apod. Dal\u0161\u00ed \u0161\u00ed\u0159en\u00ed bez m\u00e9ho souhlasu je zak\u00e1z\u00e1no!!! \u00a0 Brzy dal\u0161\u00ed info. \u00a0 Za p\u0159\u00edpadn\u00e9 \u0161kody na majetku, nebo ujm\u011b na zdrav\u00ed nenesu \u017e\u00e1dnou odpov\u011bdnost!!!<\/p>\n<h3><a href=\"http:\/\/jvelektronika.cz\/?page_id=289\" target=\"_blank\" rel=\"noopener noreferrer\">Odpuzova\u010d kom\u00e1r\u016f<\/a><\/h3>\n<p>Odpuzova\u010d kom\u00e1r\u016f Toto sch\u00e9ma nen\u00ed p\u0159evzat\u00e9 z jin\u00e9ho webu apod. Dal\u0161\u00ed \u0161\u00ed\u0159en\u00ed bez m\u00e9ho souhlasu je zak\u00e1z\u00e1no!! V\u00edce zde \u00a0 Toto za\u0159\u00edzen\u00ed vyd\u00e1v\u00e1 vysok\u00fd t\u00f3n, kter\u00fd koma\u0159i sly\u0161\u00ed n\u011bkolikan\u00e1sobn\u011b v\u00edce ne\u017e lid\u00e9, ale i jinn\u00ed brouci odpud\u00ed, kter\u00e9 lidem v\u011bt\u0161inou vad\u00ed a to p\u0159edev\u0161\u00edm na zahrad\u00e1ch..<\/p>\n<h3><a href=\"http:\/\/jvelektronika.cz\/?page_id=305\" target=\"_blank\" rel=\"noopener noreferrer\">Pivofon<\/a><\/h3>\n<p>Toto sch\u00e9ma nen\u00ed p\u0159evzat\u00e9 z jin\u00e9ho webu apod. Dal\u0161\u00ed \u0161\u00ed\u0159en\u00ed bez m\u00e9ho souhlasu je zak\u00e1z\u00e1no!! \u00a0 Pivofon \/ Vodofon \u00a0 Na konci str\u00e1nky si m\u016f\u017eete prohl\u00e9dnout video. \u00a0 Navrh na DPS vlo\u017een na konci str\u00e1nky. \u00a0 IO-NE555 Repro: 50 Ohm\u016f Sonda &#8211; Je vyrobena z oboustr\u00e1n\u00e9 kuprexit&#8230;.<\/p>\n<h3><a href=\"http:\/\/jvelektronika.cz\/?page_id=277\" target=\"_blank\" rel=\"noopener noreferrer\">Policejn\u00ed blika\u010d<\/a><\/h3>\n<p>Policejn\u00ed blika\u010d Toto sch\u00e9ma nen\u00ed p\u0159evzat\u00e9 z jin\u00e9ho webu apod. Dal\u0161\u00ed \u0161\u00ed\u0159en\u00ed bez m\u00e9ho souhlasu je zak\u00e1z\u00e1no!!! \u00a0 Policejn\u00ed maj\u00e1k V\u00edce zde Na konci str\u00e1nky se m\u016f\u017eete pod\u00edvat na video. Na konci str\u00e1nky nov\u011b n\u00e1vrh na DPS. \u00a0 Jednoduch\u00e9 zapojen\u00ed efektn\u00edho blika\u010de, kter\u00e9 lze zabudovat&#8230;<\/p>\n<h3><a href=\"http:\/\/jvelektronika.cz\/?page_id=261\" target=\"_blank\" rel=\"noopener noreferrer\">POSTUP V\u00ddROBY PLO\u0160N\u00c9HO SPOJE<\/a><\/h3>\n<p>POSTUP V\u00ddROBY PLO\u0160N\u00c9HO SPOJE \u00a0 JEDNODUCH\u00dd POSTUP V\u00ddROBY PLO\u0160N\u00c9HO SPOJE \/ DPS V KR\u00c1TK\u00c9M VIDEU.<\/p>\n<h3><a href=\"http:\/\/jvelektronika.cz\/?page_id=285\" target=\"_blank\" rel=\"noopener noreferrer\">Projekt BLIKA\u010cE<\/a><\/h3>\n<h3><a href=\"http:\/\/jvelektronika.cz\/?page_id=307\" target=\"_blank\" rel=\"noopener noreferrer\">Reverzace<\/a><\/h3>\n<p>Toto sch\u00e9ma nen\u00ed p\u0159evzat\u00e9 z jin\u00e9ho webu apod. Dal\u0161\u00ed \u0161\u00ed\u0159en\u00ed bez m\u00e9ho souhlasu je zak\u00e1z\u00e1no!! \u00a0 Reverzace \u00a0 Na konci str\u00e1nky si m\u016f\u017eete prohl\u00e9dnout video. Video vlo\u017eeno, probl\u00e9m se zvukem vy\u0159e\u0161en! \u00a0 Jednoduch\u00e9 zapojen\u00ed, sp\u00edna\u010dem se pomoc\u00ed rel\u00e9 p\u0159epne na druhou diodu. \u00a0 Dv\u011b na&#8230;<\/p>\n<h3><a href=\"http:\/\/jvelektronika.cz\/?page_id=287\" target=\"_blank\" rel=\"noopener noreferrer\">Teplom\u011br<\/a><\/h3>\n<p>Teplom\u011br Detektor teploty Toto sch\u00e9ma nen\u00ed p\u0159evzat\u00e9 z jin\u00e9ho webu apod. Dal\u0161\u00ed \u0161\u00ed\u0159en\u00ed bez m\u00e9ho souhlasu je zak\u00e1z\u00e1no!!! Na konci str\u00e1nky se m\u016f\u017eete pod\u00edvat na video. Jednoduch\u00fd dektor chladn\u00e9 a vy\u0161\u0161\u00ed teploty pomoc\u00ed dvou LED DIOD. Zelen\u00e1 indikuje ni\u017e\u0161\u00ed teplotu a \u010derven\u00e1 vy\u0161\u0161\u00ed. Trimrem se nastavuje&#8230;<\/p>\n<h3><a href=\"http:\/\/jvelektronika.cz\/?page_id=303\" target=\"_blank\" rel=\"noopener noreferrer\">Z\u00e1bleskov\u00fd blika\u010d<\/a><\/h3>\n<p>Toto sch\u00e9ma nen\u00ed p\u0159evzat\u00e9 z jin\u00e9ho webu apod. Dal\u0161\u00ed \u0161\u00ed\u0159en\u00ed bez m\u00e9ho souhlasu je zak\u00e1z\u00e1no!! V\u00edc Z\u00e1bleskov\u00fd blika\u010d \u00a0 Na konci str\u00e1nky je vlo\u017eeno tak\u00e9 video. \u00a0 C1 &#8211; Lze pou\u017e\u00edt i 47uF ( M\u016fj p\u0159\u00edpad ) Tranzistor NPN BC547B, nebo KC507\/8 Led dioda se pou\u017e\u00edv\u00e1 vysocesv\u00edtiv\u00e1. Na barv\u011b&#8230;<\/p>\n<h3><a href=\"http:\/\/jvelektronika.cz\/?page_id=265\" target=\"_blank\" rel=\"noopener noreferrer\">Z\u00c1BLESKOV\u00dd BLIKA\u010c 2<\/a><\/h3>\n<p>Z\u00c1BLESKOV\u00dd BLIKA\u010c \u00a0 Toto sch\u00e9ma nen\u00ed p\u0159evzat\u00e9 z jin\u00e9ho webu apod. Dal\u0161\u00ed \u0161\u00ed\u0159en\u00ed bez m\u00e9ho souhlasu je zak\u00e1z\u00e1no!!! \u00a0 Jedn\u00e1 se o jednoduch\u00e9 zapojen\u00ed z\u00e1bleskov\u00e9ho blika\u010de s mo\u017enosti p\u0159ipojit a\u017e 3 LED diody paraleln\u011b za sebou. Jak je vid\u011bt ze sch\u00e9matu, tak jsou pou\u017eity dva r\u016fzn\u00e9 tranzistory,&#8230;<\/p>\n<h3><a href=\"http:\/\/jvelektronika.cz\/?page_id=271\" target=\"_blank\" rel=\"noopener noreferrer\">Zvukov\u00e1 sir\u00e9na<\/a><\/h3>\n<p>Jednoduch\u00e1 houka\u010dka Toto sch\u00e9ma nen\u00ed p\u0159evzat\u00e9 z jin\u00e9ho webu apod. Dal\u0161\u00ed \u0161\u00ed\u0159en\u00ed bez m\u00e9ho souhlasu je zak\u00e1z\u00e1no!!! V\u00edce zde NA KONCI STR\u00c1NKY SE M\u016e\u017dETE POD\u00cdVAT NA VIDEO. \u00a0 \u00a0 \u00a0 Za p\u0159\u00edpadn\u00e9 \u0161kody na majetku, nebo ujm\u011b na zdrav\u00ed nenesu \u017e\u00e1dnou odpov\u011bdnost! V\u00edce zd Brzy&#8230;<\/p>\n","protected":false},"excerpt":{"rendered":"<p>TATO KONKR\u00c9TN\u00cd STR\u00c1NKA JI\u017d NEBUDE AKTUALIZOV\u00c1NA A \u010cASEM BUDOU ODSTRAN\u011aNY JEDNOTLIV\u00c9 ODKAZY NA SCH\u00c9MATA. NYN\u00cd JSOU VE\u0160KER\u00c9 STR\u00c1NKY CO JSOU I ZDE A V\u0160ECHNY BUDOUC\u00cd STR\u00c1NKY S V\u00ddROBKY A SCH\u00c9MATY ROZT\u0158\u00cdD\u011aNY PODLE KATEGORI\u00cd A JE UM\u00cdST\u011aNO ROZBALOVAC\u00cd MENU. JE TO NYN\u00cd ZM\u011aN\u011aN\u00c9 I Z D\u016eVODU LEP\u0160\u00cdHO VYHLED\u00c1V\u00c1N\u00cd V POU\u017d\u00cdVAN\u00ddCH VYHLEDAVA\u010c\u016e [&hellip;]<\/p>\n","protected":false},"author":1,"featured_media":0,"parent":39,"menu_order":0,"comment_status":"closed","ping_status":"closed","template":"","meta":{"footnotes":""},"_links":{"self":[{"href":"https:\/\/jvelektronika.cz\/index.php?rest_route=\/wp\/v2\/pages\/254"}],"collection":[{"href":"https:\/\/jvelektronika.cz\/index.php?rest_route=\/wp\/v2\/pages"}],"about":[{"href":"https:\/\/jvelektronika.cz\/index.php?rest_route=\/wp\/v2\/types\/page"}],"author":[{"embeddable":true,"href":"https:\/\/jvelektronika.cz\/index.php?rest_route=\/wp\/v2\/users\/1"}],"replies":[{"embeddable":true,"href":"https:\/\/jvelektronika.cz\/index.php?rest_route=%2Fwp%2Fv2%2Fcomments&post=254"}],"version-history":[{"count":17,"href":"https:\/\/jvelektronika.cz\/index.php?rest_route=\/wp\/v2\/pages\/254\/revisions"}],"predecessor-version":[{"id":3499,"href":"https:\/\/jvelektronika.cz\/index.php?rest_route=\/wp\/v2\/pages\/254\/revisions\/3499"}],"up":[{"embeddable":true,"href":"https:\/\/jvelektronika.cz\/index.php?rest_route=\/wp\/v2\/pages\/39"}],"wp:attachment":[{"href":"https:\/\/jvelektronika.cz\/index.php?rest_route=%2Fwp%2Fv2%2Fmedia&parent=254"}],"curies":[{"name":"wp","href":"https:\/\/api.w.org\/{rel}","templated":true}]}}