{"id":2495,"date":"2019-07-28T18:38:58","date_gmt":"2019-07-28T16:38:58","guid":{"rendered":"http:\/\/jvelektronika.cz\/?page_id=2495"},"modified":"2019-07-28T18:38:59","modified_gmt":"2019-07-28T16:38:59","slug":"flexibilni-ridici-system-siemens-logo","status":"publish","type":"page","link":"https:\/\/jvelektronika.cz\/?page_id=2495","title":{"rendered":"Flexibiln\u00ed \u0159\u00eddic\u00ed syst\u00e9m Siemens LOGO!"},"content":{"rendered":"\n<h1 class=\"wp-block-heading\"><\/h1>\n\n\n\n<p><\/p>\n\n\n\n<p> LOGO!8 je mal\u00e9 programovateln\u00e9 rel\u00e9, kter\u00e9 nab\u00edz\u00ed nespo\u010det mo\u017enost\u00ed  vyu\u017eit\u00ed. D\u00edky men\u0161\u00edm parametr\u016fm uvoln\u00ed m\u00edsto v rozvad\u011b\u010di dal\u0161\u00edm  komponent\u016fm. Z\u00e1kladn\u00ed jednotka obsahuje ethernetov\u00fd port pro snadn\u00e9  propojen\u00ed s va\u0161\u00edm po\u010d\u00edta\u010dem. Flexibiln\u00ed \u0159\u00eddic\u00ed syst\u00e9m Siemens LOGO! v praxi<\/p>\n\n\n\n<p><\/p>\n\n\n\n<p>Displej se 3 podsv\u00edcen\u00edmi poslou\u017e\u00ed pro vizualizaci nejen textu. Pokud\n nen\u00ed velikost displeje dosta\u010duj\u00edc\u00ed, lze k LOGu p\u0159idat text displej nebo\n panely z \u0159ady basic \u010di comfort.<\/p>\n\n\n\n<p>Velkou v\u00fdhodou syst\u00e9mu LOGO! je integrovan\u00fd webov\u00fd server, se kter\u00fdm  dok\u00e1\u017eeme k syst\u00e9mu p\u0159istupovat p\u0159es webov\u00e9 prost\u0159ed\u00ed jak v lok\u00e1ln\u00ed s\u00edti,  tak i z vn\u011bj\u0161\u00ed s\u00edt\u011b. Nov\u00fd syst\u00e9m nab\u00edz\u00ed i webov\u00fd editor. <\/p>\n\n\n\n<p><\/p>\n\n\n\n<figure class=\"wp-block-image\"><img decoding=\"async\" loading=\"lazy\" width=\"800\" height=\"480\" src=\"http:\/\/jvelektronika.cz\/wp-content\/uploads\/2019\/07\/logojv.jpg\" alt=\"\" class=\"wp-image-2496\" srcset=\"https:\/\/jvelektronika.cz\/wp-content\/uploads\/2019\/07\/logojv.jpg 800w, https:\/\/jvelektronika.cz\/wp-content\/uploads\/2019\/07\/logojv-300x180.jpg 300w, https:\/\/jvelektronika.cz\/wp-content\/uploads\/2019\/07\/logojv-768x461.jpg 768w\" sizes=\"(max-width: 800px) 100vw, 800px\" \/><\/figure>\n\n\n\n<p><\/p>\n\n\n\n<p> Komunika\u010dn\u00ed modul CMR 2000 V\u00e1m umo\u017en\u00ed ovl\u00e1dat LOGO! 8 na d\u00e1lku pomoc\u00ed  SMS a e-mailu, zas\u00edlat aktu\u00e1ln\u00ed polohu z GPS nebo vyu\u017e\u00edt VPN pro  vzd\u00e1len\u00fd p\u0159\u00edstup. D\u00edky modulu CMK2000 se m\u016f\u017eete p\u0159ipojit do sb\u011brnice  KNX, poslou\u017e\u00ed tak dob\u0159e v oblasti automatizace budov, nap\u0159. v kamerov\u00fdch  syst\u00e9mech, \u0159\u00edzen\u00ed p\u0159\u00edstupu, klimatizaci vnit\u0159n\u00edch prostor, osv\u011btlen\u00ed,  st\u00edn\u011bn\u00ed \u010di zavla\u017eov\u00e1n\u00ed prost\u0159ednictv\u00edm \u0159\u00edzen\u00ed \u010derpadel. <\/p>\n\n\n\n<p><\/p>\n\n\n\n<figure class=\"wp-block-image\"><img decoding=\"async\" loading=\"lazy\" width=\"800\" height=\"519\" src=\"http:\/\/jvelektronika.cz\/wp-content\/uploads\/2019\/07\/logojv2.jpg\" alt=\"\" class=\"wp-image-2497\" srcset=\"https:\/\/jvelektronika.cz\/wp-content\/uploads\/2019\/07\/logojv2.jpg 800w, https:\/\/jvelektronika.cz\/wp-content\/uploads\/2019\/07\/logojv2-300x195.jpg 300w, https:\/\/jvelektronika.cz\/wp-content\/uploads\/2019\/07\/logojv2-768x498.jpg 768w\" sizes=\"(max-width: 800px) 100vw, 800px\" \/><\/figure>\n\n\n\n<p><\/p>\n\n\n\n<p><\/p>\n\n\n\n<p>Zdroj informaci: SIEMENS<\/p>\n\n\n\n<p>Publikov\u00e1no 28. 07. 2019<\/p>\n","protected":false},"excerpt":{"rendered":"<p>LOGO!8 je mal\u00e9 programovateln\u00e9 rel\u00e9, kter\u00e9 nab\u00edz\u00ed nespo\u010det mo\u017enost\u00ed vyu\u017eit\u00ed. D\u00edky men\u0161\u00edm parametr\u016fm uvoln\u00ed m\u00edsto v rozvad\u011b\u010di dal\u0161\u00edm komponent\u016fm. Z\u00e1kladn\u00ed jednotka obsahuje ethernetov\u00fd port pro snadn\u00e9 propojen\u00ed s va\u0161\u00edm po\u010d\u00edta\u010dem. Flexibiln\u00ed \u0159\u00eddic\u00ed syst\u00e9m Siemens LOGO! v praxi Displej se 3 podsv\u00edcen\u00edmi poslou\u017e\u00ed pro vizualizaci nejen textu. Pokud nen\u00ed velikost displeje [&hellip;]<\/p>\n","protected":false},"author":1,"featured_media":0,"parent":0,"menu_order":0,"comment_status":"closed","ping_status":"closed","template":"","meta":{"footnotes":""},"_links":{"self":[{"href":"https:\/\/jvelektronika.cz\/index.php?rest_route=\/wp\/v2\/pages\/2495"}],"collection":[{"href":"https:\/\/jvelektronika.cz\/index.php?rest_route=\/wp\/v2\/pages"}],"about":[{"href":"https:\/\/jvelektronika.cz\/index.php?rest_route=\/wp\/v2\/types\/page"}],"author":[{"embeddable":true,"href":"https:\/\/jvelektronika.cz\/index.php?rest_route=\/wp\/v2\/users\/1"}],"replies":[{"embeddable":true,"href":"https:\/\/jvelektronika.cz\/index.php?rest_route=%2Fwp%2Fv2%2Fcomments&post=2495"}],"version-history":[{"count":1,"href":"https:\/\/jvelektronika.cz\/index.php?rest_route=\/wp\/v2\/pages\/2495\/revisions"}],"predecessor-version":[{"id":2498,"href":"https:\/\/jvelektronika.cz\/index.php?rest_route=\/wp\/v2\/pages\/2495\/revisions\/2498"}],"wp:attachment":[{"href":"https:\/\/jvelektronika.cz\/index.php?rest_route=%2Fwp%2Fv2%2Fmedia&parent=2495"}],"curies":[{"name":"wp","href":"https:\/\/api.w.org\/{rel}","templated":true}]}}

Flexibilní řídicí systém Siemens LOGO!

<h1 class="wp-block-heading"></h1>



<p></p>



<p> LOGO!8 je malé programovatelné relé, které nabízí nespočet možností  využití. Díky menším parametrům uvolní místo v rozvaděči dalším  komponentům. Základní jednotka obsahuje ethernetový port pro snadné  propojení s vaším počítačem. Flexibilní řídicí systém Siemens LOGO! v praxi</p>



<p></p>



<p>Displej se 3 podsvíceními poslouží pro vizualizaci nejen textu. Pokud
 není velikost displeje dostačující, lze k LOGu přidat text displej nebo
 panely z řady basic či comfort.</p>



<p>Velkou výhodou systému LOGO! je integrovaný webový server, se kterým  dokážeme k systému přistupovat přes webové prostředí jak v lokální síti,  tak i z vnější sítě. Nový systém nabízí i webový editor. </p>



<p></p>



<figure class="wp-block-image"><img decoding="async" loading="lazy" width="800" height="480" src="http://jvelektronika.cz/wp-content/uploads/2019/07/logojv.jpg" alt="" class="wp-image-2496" srcset="https://jvelektronika.cz/wp-content/uploads/2019/07/logojv.jpg 800w, https://jvelektronika.cz/wp-content/uploads/2019/07/logojv-300x180.jpg 300w, https://jvelektronika.cz/wp-content/uploads/2019/07/logojv-768x461.jpg 768w" sizes="(max-width: 800px) 100vw, 800px" /></figure>



<p></p>



<p> Komunikační modul CMR 2000 Vám umožní ovládat LOGO! 8 na dálku pomocí  SMS a e-mailu, zasílat aktuální polohu z GPS nebo využít VPN pro  vzdálený přístup. Díky modulu CMK2000 se můžete připojit do sběrnice  KNX, poslouží tak dobře v oblasti automatizace budov, např. v kamerových  systémech, řízení přístupu, klimatizaci vnitřních prostor, osvětlení,  stínění či zavlažování prostřednictvím řízení čerpadel. </p>



<p></p>



<figure class="wp-block-image"><img decoding="async" loading="lazy" width="800" height="519" src="http://jvelektronika.cz/wp-content/uploads/2019/07/logojv2.jpg" alt="" class="wp-image-2497" srcset="https://jvelektronika.cz/wp-content/uploads/2019/07/logojv2.jpg 800w, https://jvelektronika.cz/wp-content/uploads/2019/07/logojv2-300x195.jpg 300w, https://jvelektronika.cz/wp-content/uploads/2019/07/logojv2-768x498.jpg 768w" sizes="(max-width: 800px) 100vw, 800px" /></figure>



<p></p>



<p></p>



<p>Zdroj informaci: SIEMENS</p>



<p>Publikováno 28. 07. 2019</p>

<p>LOGO!8 je malé programovatelné relé, které nabízí nespočet možností využití. Díky menším parametrům uvolní místo v rozvaděči dalším komponentům. Základní jednotka obsahuje ethernetový port pro snadné propojení s vaším počítačem. Flexibilní řídicí systém Siemens LOGO! v praxi Displej se 3 podsvíceními poslouží pro vizualizaci nejen textu. Pokud není velikost displeje [&hellip;]</p>
