{"id":2371,"date":"2019-04-12T19:14:52","date_gmt":"2019-04-12T17:14:52","guid":{"rendered":"http:\/\/jvelektronika.cz\/?page_id=2371"},"modified":"2019-09-15T00:30:28","modified_gmt":"2019-09-14T22:30:28","slug":"esp32-cam-wifi-bluetooth-camera-module-rozbaleni-a-predstaveni","status":"publish","type":"page","link":"https:\/\/jvelektronika.cz\/?page_id=2371","title":{"rendered":"ESP32-CAM WiFi + Bluetooth Camera Module &#8211; ROZBALEN\u00cd A P\u0158EDSTAVEN\u00cd"},"content":{"rendered":"<h2 data-oldtext=\"Geekcreit\u00ae ESP32-CAM WiFi + Bluetooth Camera Module Development Board ESP32 With Camera Module OV2640 \"><strong class=\"title_strong\">ESP32-CAM WiFi + Bluetooth Camera Module Development Board ESP32 With Camera Module OV2640<\/strong><\/h2>\n<h3>ROZBALEN\u00cd A P\u0158EDSTAVEN\u00cd<\/h3>\n<p>&nbsp;<\/p>\n<p>Dne 12. 04. 2019 dorazil tento modul s kamerou. Ve videu jsou p\u0159edstaveny parametry a obsah balen\u00ed.<\/p>\n<p>Nyn\u00ed nemohu sl\u00edbit, \u017ee prvn\u00ed video, kde bude naprogramov\u00e1n\u00ed desky a zkou\u0161ka bude b\u011bhem velikonoc, bohu\u017eel dod\u00e1n\u00ed trvalo cca. 4 m\u011bs\u00edce a nyn\u00ed jsem velice zanepr\u00e1zdn\u011bn.<\/p>\n<p>&nbsp;<\/p>\n<figure class=\"wp-block-embed wp-block-embed-youtube is-type-video is-provider-youtube epyt-figure\"><div class=\"wp-block-embed__wrapper\"><div class=\"epyt-video-wrapper\"><iframe  style=\"display: block; margin: 0px auto;\"  id=\"_ytid_37287\"  width=\"640\" height=\"360\"  data-origwidth=\"640\" data-origheight=\"360\" src=\"https:\/\/www.youtube.com\/embed\/SkcsXRjBb_8?enablejsapi=1&autoplay=0&cc_load_policy=0&cc_lang_pref=&iv_load_policy=1&loop=0&modestbranding=0&rel=1&fs=1&playsinline=1&autohide=2&theme=dark&color=red&controls=1&\" class=\"__youtube_prefs__  no-lazyload\" title=\"YouTube player\"  allow=\"accelerometer; autoplay; clipboard-write; encrypted-media; gyroscope; picture-in-picture\" allowfullscreen data-no-lazy=\"1\" data-skipgform_ajax_framebjll=\"\"><\/iframe><\/div><\/div><\/figure>\n","protected":false},"excerpt":{"rendered":"<p>ESP32-CAM WiFi + Bluetooth Camera Module Development Board ESP32 With Camera Module OV2640 ROZBALEN\u00cd A P\u0158EDSTAVEN\u00cd &nbsp; Dne 12. 04. 2019 dorazil tento modul s kamerou. Ve videu jsou p\u0159edstaveny parametry a obsah balen\u00ed. Nyn\u00ed nemohu sl\u00edbit, \u017ee prvn\u00ed video, kde bude naprogramov\u00e1n\u00ed desky a zkou\u0161ka bude b\u011bhem velikonoc, bohu\u017eel [&hellip;]<\/p>\n","protected":false},"author":1,"featured_media":2527,"parent":2251,"menu_order":0,"comment_status":"closed","ping_status":"closed","template":"","meta":{"footnotes":""},"_links":{"self":[{"href":"https:\/\/jvelektronika.cz\/index.php?rest_route=\/wp\/v2\/pages\/2371"}],"collection":[{"href":"https:\/\/jvelektronika.cz\/index.php?rest_route=\/wp\/v2\/pages"}],"about":[{"href":"https:\/\/jvelektronika.cz\/index.php?rest_route=\/wp\/v2\/types\/page"}],"author":[{"embeddable":true,"href":"https:\/\/jvelektronika.cz\/index.php?rest_route=\/wp\/v2\/users\/1"}],"replies":[{"embeddable":true,"href":"https:\/\/jvelektronika.cz\/index.php?rest_route=%2Fwp%2Fv2%2Fcomments&post=2371"}],"version-history":[{"count":1,"href":"https:\/\/jvelektronika.cz\/index.php?rest_route=\/wp\/v2\/pages\/2371\/revisions"}],"predecessor-version":[{"id":2373,"href":"https:\/\/jvelektronika.cz\/index.php?rest_route=\/wp\/v2\/pages\/2371\/revisions\/2373"}],"up":[{"embeddable":true,"href":"https:\/\/jvelektronika.cz\/index.php?rest_route=\/wp\/v2\/pages\/2251"}],"wp:featuredmedia":[{"embeddable":true,"href":"https:\/\/jvelektronika.cz\/index.php?rest_route=\/wp\/v2\/media\/2527"}],"wp:attachment":[{"href":"https:\/\/jvelektronika.cz\/index.php?rest_route=%2Fwp%2Fv2%2Fmedia&parent=2371"}],"curies":[{"name":"wp","href":"https:\/\/api.w.org\/{rel}","templated":true}]}}