{"id":236,"date":"2014-08-17T08:28:57","date_gmt":"2014-08-17T06:28:57","guid":{"rendered":"http:\/\/jvelektronika.cz\/?page_id=236"},"modified":"2014-08-17T08:28:57","modified_gmt":"2014-08-17T06:28:57","slug":"v-y-v-e-7-osciloskop-zaklady-a-vypocty","status":"publish","type":"page","link":"https:\/\/jvelektronika.cz\/?page_id=236","title":{"rendered":"V Y V E 7 &#8211; OSCILOSKOP: Z\u00c1KLADY A V\u00ddPO\u010cTY"},"content":{"rendered":"<div>\n<h1>V Y V E 7 &#8211; OSCILOSKOP: Z\u00c1KLADY A V\u00ddPO\u010cTY<\/h1>\n<\/div>\n<div>\n<div><ins>01.02.2014 21:04<\/ins><\/p>\n<h1>V Y V E\u00a0 7 &#8211; OSCILOSKOP: Z\u00c1KLADY A V\u00ddPO\u010cTY<\/h1>\n<p>&nbsp;<\/p>\n<p>Po dev\u00edti m\u011bs\u00edc\u00edch p\u0159in\u00e1\u0161\u00edm jednoduch\u00e9 a zkr\u00e1cen\u00e9 video, ze s\u00e9rie V Y V E ( V\u00ddUKOV\u00c1 VIDEA ELEKTROTECHNICK\u00c1 ).<\/p>\n<p>&nbsp;<\/p>\n<p>V\u00fdpo\u010det frekvence a popis + uk\u00e1zka digit\u00e1ln\u00edho osciloskopu.<\/p>\n<p>&nbsp;<\/p>\n<div class=\"epyt-video-wrapper\"><iframe loading=\"lazy\"  style=\"display: block; margin: 0px auto;\"  id=\"_ytid_65177\"  width=\"640\" height=\"360\"  data-origwidth=\"640\" data-origheight=\"360\" src=\"https:\/\/www.youtube.com\/embed\/uo4rWq8NkPc?enablejsapi=1&#038;autoplay=0&#038;cc_load_policy=0&#038;cc_lang_pref=&#038;iv_load_policy=1&#038;loop=0&#038;modestbranding=0&#038;rel=1&#038;fs=1&#038;playsinline=1&#038;autohide=2&#038;theme=dark&#038;color=red&#038;controls=1&#038;\" class=\"__youtube_prefs__  epyt-is-override  no-lazyload\" title=\"YouTube player\"  allow=\"accelerometer; autoplay; clipboard-write; encrypted-media; gyroscope; picture-in-picture\" allowfullscreen data-no-lazy=\"1\" data-skipgform_ajax_framebjll=\"\"><\/iframe><\/div>\n<\/div>\n<\/div>\n<p>&nbsp;<\/p>\n","protected":false},"excerpt":{"rendered":"<p>V Y V E 7 &#8211; OSCILOSKOP: Z\u00c1KLADY A V\u00ddPO\u010cTY 01.02.2014 21:04 V Y V E\u00a0 7 &#8211; OSCILOSKOP: Z\u00c1KLADY A V\u00ddPO\u010cTY &nbsp; Po dev\u00edti m\u011bs\u00edc\u00edch p\u0159in\u00e1\u0161\u00edm jednoduch\u00e9 a zkr\u00e1cen\u00e9 video, ze s\u00e9rie V Y V E ( V\u00ddUKOV\u00c1 VIDEA ELEKTROTECHNICK\u00c1 ). &nbsp; V\u00fdpo\u010det frekvence a popis + uk\u00e1zka digit\u00e1ln\u00edho [&hellip;]<\/p>\n","protected":false},"author":1,"featured_media":0,"parent":225,"menu_order":0,"comment_status":"closed","ping_status":"open","template":"","meta":{"footnotes":""},"_links":{"self":[{"href":"https:\/\/jvelektronika.cz\/index.php?rest_route=\/wp\/v2\/pages\/236"}],"collection":[{"href":"https:\/\/jvelektronika.cz\/index.php?rest_route=\/wp\/v2\/pages"}],"about":[{"href":"https:\/\/jvelektronika.cz\/index.php?rest_route=\/wp\/v2\/types\/page"}],"author":[{"embeddable":true,"href":"https:\/\/jvelektronika.cz\/index.php?rest_route=\/wp\/v2\/users\/1"}],"replies":[{"embeddable":true,"href":"https:\/\/jvelektronika.cz\/index.php?rest_route=%2Fwp%2Fv2%2Fcomments&post=236"}],"version-history":[{"count":1,"href":"https:\/\/jvelektronika.cz\/index.php?rest_route=\/wp\/v2\/pages\/236\/revisions"}],"predecessor-version":[{"id":237,"href":"https:\/\/jvelektronika.cz\/index.php?rest_route=\/wp\/v2\/pages\/236\/revisions\/237"}],"up":[{"embeddable":true,"href":"https:\/\/jvelektronika.cz\/index.php?rest_route=\/wp\/v2\/pages\/225"}],"wp:attachment":[{"href":"https:\/\/jvelektronika.cz\/index.php?rest_route=%2Fwp%2Fv2%2Fmedia&parent=236"}],"curies":[{"name":"wp","href":"https:\/\/api.w.org\/{rel}","templated":true}]}}