{"id":230,"date":"2014-08-17T08:24:01","date_gmt":"2014-08-17T06:24:01","guid":{"rendered":"http:\/\/jvelektronika.cz\/?page_id=230"},"modified":"2014-08-17T08:24:01","modified_gmt":"2014-08-17T06:24:01","slug":"reproduktory","status":"publish","type":"page","link":"https:\/\/jvelektronika.cz\/?page_id=230","title":{"rendered":"Reproduktory"},"content":{"rendered":"<div>\n<h1>Reproduktory<\/h1>\n<\/div>\n<div>\n<div><ins>06.03.2013 16:49<\/ins><\/p>\n<h1>Reproduktory<\/h1>\n<p>&nbsp;<\/p>\n<p><strong>V Y V E\u00a0\u00a0 \u010c. 4<\/strong><\/p>\n<p>&nbsp;<\/p>\n<p>V\u00fdukov\u00e9 video elektrotechnick\u00e9&#8230;<\/p>\n<p>&nbsp;<\/p>\n<p>Zkr\u00e1cen\u00fd popis reproduktoru a typy reproduktor\u016f.<\/p>\n<p>&nbsp;<\/p>\n<div class=\"epyt-video-wrapper\"><iframe loading=\"lazy\"  style=\"display: block; margin: 0px auto;\"  id=\"_ytid_61932\"  width=\"640\" height=\"360\"  data-origwidth=\"640\" data-origheight=\"360\" src=\"https:\/\/www.youtube.com\/embed\/1HgWGZuEBos?enablejsapi=1&#038;autoplay=0&#038;cc_load_policy=0&#038;cc_lang_pref=&#038;iv_load_policy=1&#038;loop=0&#038;modestbranding=0&#038;rel=1&#038;fs=1&#038;playsinline=1&#038;autohide=2&#038;theme=dark&#038;color=red&#038;controls=1&#038;\" class=\"__youtube_prefs__  epyt-is-override  no-lazyload\" title=\"YouTube player\"  allow=\"accelerometer; autoplay; clipboard-write; encrypted-media; gyroscope; picture-in-picture\" allowfullscreen data-no-lazy=\"1\" data-skipgform_ajax_framebjll=\"\"><\/iframe><\/div>\n<p>&nbsp;<\/p>\n<\/div>\n<\/div>\n<p>&nbsp;<\/p>\n","protected":false},"excerpt":{"rendered":"<p>Reproduktory 06.03.2013 16:49 Reproduktory &nbsp; V Y V E\u00a0\u00a0 \u010c. 4 &nbsp; V\u00fdukov\u00e9 video elektrotechnick\u00e9&#8230; &nbsp; Zkr\u00e1cen\u00fd popis reproduktoru a typy reproduktor\u016f. &nbsp; &nbsp; &nbsp;<\/p>\n","protected":false},"author":1,"featured_media":0,"parent":225,"menu_order":0,"comment_status":"closed","ping_status":"open","template":"","meta":{"footnotes":""},"_links":{"self":[{"href":"https:\/\/jvelektronika.cz\/index.php?rest_route=\/wp\/v2\/pages\/230"}],"collection":[{"href":"https:\/\/jvelektronika.cz\/index.php?rest_route=\/wp\/v2\/pages"}],"about":[{"href":"https:\/\/jvelektronika.cz\/index.php?rest_route=\/wp\/v2\/types\/page"}],"author":[{"embeddable":true,"href":"https:\/\/jvelektronika.cz\/index.php?rest_route=\/wp\/v2\/users\/1"}],"replies":[{"embeddable":true,"href":"https:\/\/jvelektronika.cz\/index.php?rest_route=%2Fwp%2Fv2%2Fcomments&post=230"}],"version-history":[{"count":1,"href":"https:\/\/jvelektronika.cz\/index.php?rest_route=\/wp\/v2\/pages\/230\/revisions"}],"predecessor-version":[{"id":231,"href":"https:\/\/jvelektronika.cz\/index.php?rest_route=\/wp\/v2\/pages\/230\/revisions\/231"}],"up":[{"embeddable":true,"href":"https:\/\/jvelektronika.cz\/index.php?rest_route=\/wp\/v2\/pages\/225"}],"wp:attachment":[{"href":"https:\/\/jvelektronika.cz\/index.php?rest_route=%2Fwp%2Fv2%2Fmedia&parent=230"}],"curies":[{"name":"wp","href":"https:\/\/api.w.org\/{rel}","templated":true}]}}