{"id":2270,"date":"2019-02-13T10:14:13","date_gmt":"2019-02-13T09:14:13","guid":{"rendered":"http:\/\/jvelektronika.cz\/?page_id=2270"},"modified":"2019-02-13T10:14:13","modified_gmt":"2019-02-13T09:14:13","slug":"ucel-revizi-elektrickych-zarizeni","status":"publish","type":"page","link":"https:\/\/jvelektronika.cz\/?page_id=2270","title":{"rendered":"\u00da\u010del reviz\u00ed elektrick\u00fdch za\u0159\u00edzen\u00ed"},"content":{"rendered":"<h1 class=\"article-title\">\u00da\u010del reviz\u00ed elektrick\u00fdch za\u0159\u00edzen\u00ed<\/h1>\n<p>&nbsp;<\/p>\n<p>\u00da\u010delem revize je ov\u011b\u0159it, zda elektrick\u00e9 za\u0159\u00edzen\u00ed je v souladu s bezpe\u010dnostn\u00edmi p\u0159edpisy a stanoven\u00fdmi technick\u00fdmi po\u017eadavky p\u0159\u00edslu\u0161n\u00fdch norem; revize m\u016f\u017ee zahrnovat i ov\u011b\u0159en\u00ed provozn\u00edho stavu za\u0159\u00edzen\u00ed.<\/p>\n<p>Nov\u00e1 elektrick\u00e1 za\u0159\u00edzen\u00ed, stejn\u011b jako \u00fapravy a roz\u0161\u00ed\u0159en\u00ed existuj\u00edc\u00edch za\u0159\u00edzen\u00ed mus\u00ed b\u00fdt revidov\u00e1ny p\u0159ed jejich uveden\u00edm do provozu. Elektrick\u00e1 za\u0159\u00edzen\u00ed, mus\u00ed b\u00fdt revidov\u00e1na ve stanoven\u00fdch \u010dasov\u00fdch intervalech. C\u00edlem pravideln\u00fdch reviz\u00ed je p\u0159edch\u00e1zen\u00ed z\u00e1vad\u00e1m, kter\u00e9 mohou nastat a t\u00edm p\u0159eru\u0161it provoz nebo vyvolat nebezpe\u010dn\u00fd stav.<\/p>\n<p>Term\u00edny na prov\u00e1d\u011bn\u00ed reviz\u00ed vyhrazen\u00fdch technick\u00fdch za\u0159\u00edzen\u00ed jsou stanoveny v \u010cSN 33 1500 a technick\u00e9 po\u017eadavky na prov\u00e1d\u011bn\u00ed reviz\u00ed elektrick\u00fdch instalac\u00ed jsou uvedeny v \u010cSN 33 2000-6 ed. 2. Za\u0159azen\u00ed vyhrazen\u00fdch elektrick\u00fdch za\u0159\u00edzen\u00ed do jednotliv\u00fdch t\u0159\u00edd stanovuje vyhl\u00e1\u0161ka \u010d. 73\/2010 Sb. o vyhrazen\u00fdch elektrick\u00fdch technick\u00fdch za\u0159\u00edzen\u00edch.<\/p>\n<p>Term\u00edny na prov\u00e1d\u011bn\u00ed ur\u010den\u00fdch technick\u00fdch za\u0159\u00edzen\u00ed jsou d\u00e1ny vyhl\u00e1\u0161kami a p\u0159\u00edslu\u0161n\u00fdmi technick\u00fdmi normami.<\/p>\n<p>&nbsp;<\/p>\n<p><a href=\"http:\/\/jvelektronika.cz\/wp-content\/uploads\/2019\/02\/revize-jv.jpg\"><img decoding=\"async\" loading=\"lazy\" class=\"aligncenter size-full wp-image-2271\" src=\"http:\/\/jvelektronika.cz\/wp-content\/uploads\/2019\/02\/revize-jv.jpg\" alt=\"\" width=\"800\" height=\"533\" srcset=\"https:\/\/jvelektronika.cz\/wp-content\/uploads\/2019\/02\/revize-jv.jpg 800w, https:\/\/jvelektronika.cz\/wp-content\/uploads\/2019\/02\/revize-jv-300x200.jpg 300w, https:\/\/jvelektronika.cz\/wp-content\/uploads\/2019\/02\/revize-jv-768x512.jpg 768w\" sizes=\"(max-width: 800px) 100vw, 800px\" \/><\/a><\/p>\n<p>Po\u017eadavky na prov\u00e1d\u011bn\u00ed reviz\u00ed elektrick\u00fdch za\u0159\u00edzen\u00ed a spot\u0159ebi\u010d\u016f jsou uvedeny v norm\u00e1ch \u010cSN 33 2000-6 ed. 2, \u010cSN 33 1500 a \u010cSN 33 1600 ed. 2.<br \/>\nRevize m\u00e1 zahrnovat: vizu\u00e1ln\u00ed prohl\u00eddku, m\u011b\u0159en\u00ed a zkou\u0161en\u00ed a mus\u00ed b\u00fdt prov\u00e1d\u011bny s odvol\u00e1n\u00edm na p\u0159\u00edslu\u0161nou elektrotechnickou dokumentaci a jej\u00ed specifikace.<br \/>\nP\u0159i revizi se prohl\u00eddkou, m\u011b\u0159en\u00edm a zkou\u0161en\u00edm zji\u0161\u0165uje, zda za\u0159\u00edzen\u00ed vyhovuje p\u0159edev\u0161\u00edm se z\u0159etelem na bezpe\u010dnost osob p\u0159ed \u00farazem a v\u011bc\u00ed p\u0159ed zni\u010den\u00edm nebo po\u0161kozen\u00edm.<br \/>\nJestli\u017ee zji\u0161t\u011bn\u00e9 z\u00e1vady p\u0159edstavuj\u00ed bezprost\u0159edn\u00ed nebezpe\u010d\u00ed, mus\u00ed b\u00fdt neprodlen\u011b odstran\u011bny nebo mus\u00ed b\u00fdt vadn\u00e9 \u010d\u00e1sti neprodlen\u011b odpojeny a zaji\u0161t\u011bny proti op\u011btovn\u00e9mu p\u0159ipojen\u00ed.<br \/>\nRevize mus\u00ed b\u00fdt prov\u00e1d\u011bny osobami znal\u00fdmi s p\u0159\u00edslu\u0161n\u00fdmi zku\u0161enostmi s revizemi elektrick\u00fdch za\u0159\u00edzen\u00ed.<\/p>\n<p>&nbsp;<\/p>\n<p>Publikov\u00e1no 13. 02. 2019<\/p>\n<p>&nbsp;<\/p>\n","protected":false},"excerpt":{"rendered":"<p>\u00da\u010del reviz\u00ed elektrick\u00fdch za\u0159\u00edzen\u00ed &nbsp; \u00da\u010delem revize je ov\u011b\u0159it, zda elektrick\u00e9 za\u0159\u00edzen\u00ed je v souladu s bezpe\u010dnostn\u00edmi p\u0159edpisy a stanoven\u00fdmi technick\u00fdmi po\u017eadavky p\u0159\u00edslu\u0161n\u00fdch norem; revize m\u016f\u017ee zahrnovat i ov\u011b\u0159en\u00ed provozn\u00edho stavu za\u0159\u00edzen\u00ed. Nov\u00e1 elektrick\u00e1 za\u0159\u00edzen\u00ed, stejn\u011b jako \u00fapravy a roz\u0161\u00ed\u0159en\u00ed existuj\u00edc\u00edch za\u0159\u00edzen\u00ed mus\u00ed b\u00fdt revidov\u00e1ny p\u0159ed jejich uveden\u00edm do provozu. [&hellip;]<\/p>\n","protected":false},"author":1,"featured_media":0,"parent":2172,"menu_order":0,"comment_status":"closed","ping_status":"closed","template":"","meta":{"footnotes":""},"_links":{"self":[{"href":"https:\/\/jvelektronika.cz\/index.php?rest_route=\/wp\/v2\/pages\/2270"}],"collection":[{"href":"https:\/\/jvelektronika.cz\/index.php?rest_route=\/wp\/v2\/pages"}],"about":[{"href":"https:\/\/jvelektronika.cz\/index.php?rest_route=\/wp\/v2\/types\/page"}],"author":[{"embeddable":true,"href":"https:\/\/jvelektronika.cz\/index.php?rest_route=\/wp\/v2\/users\/1"}],"replies":[{"embeddable":true,"href":"https:\/\/jvelektronika.cz\/index.php?rest_route=%2Fwp%2Fv2%2Fcomments&post=2270"}],"version-history":[{"count":1,"href":"https:\/\/jvelektronika.cz\/index.php?rest_route=\/wp\/v2\/pages\/2270\/revisions"}],"predecessor-version":[{"id":2272,"href":"https:\/\/jvelektronika.cz\/index.php?rest_route=\/wp\/v2\/pages\/2270\/revisions\/2272"}],"up":[{"embeddable":true,"href":"https:\/\/jvelektronika.cz\/index.php?rest_route=\/wp\/v2\/pages\/2172"}],"wp:attachment":[{"href":"https:\/\/jvelektronika.cz\/index.php?rest_route=%2Fwp%2Fv2%2Fmedia&parent=2270"}],"curies":[{"name":"wp","href":"https:\/\/api.w.org\/{rel}","templated":true}]}}

Účel revizí elektrických zařízení

<h1 class="article-title">Účel revizí elektrických zařízení</h1>
<p>&nbsp;</p>
<p>Účelem revize je ověřit, zda elektrické zařízení je v souladu s bezpečnostními předpisy a stanovenými technickými požadavky příslušných norem; revize může zahrnovat i ověření provozního stavu zařízení.</p>
<p>Nová elektrická zařízení, stejně jako úpravy a rozšíření existujících zařízení musí být revidovány před jejich uvedením do provozu. Elektrická zařízení, musí být revidována ve stanovených časových intervalech. Cílem pravidelných revizí je předcházení závadám, které mohou nastat a tím přerušit provoz nebo vyvolat nebezpečný stav.</p>
<p>Termíny na provádění revizí vyhrazených technických zařízení jsou stanoveny v ČSN 33 1500 a technické požadavky na provádění revizí elektrických instalací jsou uvedeny v ČSN 33 2000-6 ed. 2. Zařazení vyhrazených elektrických zařízení do jednotlivých tříd stanovuje vyhláška č. 73/2010 Sb. o vyhrazených elektrických technických zařízeních.</p>
<p>Termíny na provádění určených technických zařízení jsou dány vyhláškami a příslušnými technickými normami.</p>
<p>&nbsp;</p>
<p><a href="http://jvelektronika.cz/wp-content/uploads/2019/02/revize-jv.jpg"><img decoding="async" loading="lazy" class="aligncenter size-full wp-image-2271" src="http://jvelektronika.cz/wp-content/uploads/2019/02/revize-jv.jpg" alt="" width="800" height="533" srcset="https://jvelektronika.cz/wp-content/uploads/2019/02/revize-jv.jpg 800w, https://jvelektronika.cz/wp-content/uploads/2019/02/revize-jv-300x200.jpg 300w, https://jvelektronika.cz/wp-content/uploads/2019/02/revize-jv-768x512.jpg 768w" sizes="(max-width: 800px) 100vw, 800px" /></a></p>
<p>Požadavky na provádění revizí elektrických zařízení a spotřebičů jsou uvedeny v normách ČSN 33 2000-6 ed. 2, ČSN 33 1500 a ČSN 33 1600 ed. 2.<br />
Revize má zahrnovat: vizuální prohlídku, měření a zkoušení a musí být prováděny s odvoláním na příslušnou elektrotechnickou dokumentaci a její specifikace.<br />
Při revizi se prohlídkou, měřením a zkoušením zjišťuje, zda zařízení vyhovuje především se zřetelem na bezpečnost osob před úrazem a věcí před zničením nebo poškozením.<br />
Jestliže zjištěné závady představují bezprostřední nebezpečí, musí být neprodleně odstraněny nebo musí být vadné části neprodleně odpojeny a zajištěny proti opětovnému připojení.<br />
Revize musí být prováděny osobami znalými s příslušnými zkušenostmi s revizemi elektrických zařízení.</p>
<p>&nbsp;</p>
<p>Publikováno 13. 02. 2019</p>
<p>&nbsp;</p>

<p>Účel revizí elektrických zařízení &nbsp; Účelem revize je ověřit, zda elektrické zařízení je v souladu s bezpečnostními předpisy a stanovenými technickými požadavky příslušných norem; revize může zahrnovat i ověření provozního stavu zařízení. Nová elektrická zařízení, stejně jako úpravy a rozšíření existujících zařízení musí být revidovány před jejich uvedením do provozu. [&hellip;]</p>
