{"id":199,"date":"2014-08-16T23:29:15","date_gmt":"2014-08-16T21:29:15","guid":{"rendered":"http:\/\/jvelektronika.cz\/?page_id=199"},"modified":"2014-08-16T23:36:22","modified_gmt":"2014-08-16T21:36:22","slug":"acer-iconia-tab-a1-810","status":"publish","type":"page","link":"https:\/\/jvelektronika.cz\/?page_id=199","title":{"rendered":"Acer Iconia Tab A1-810"},"content":{"rendered":"<h4><a href=\"http:\/\/jvelektronika.cz\/?page_id=201\" target=\"_blank\">PRVN\u00cd VIDEORECENZE TOHOTO SKV\u011aL\u00c9HO TABLETU<\/a><\/h4>\n<p>&nbsp;<\/p>\n<h4><a href=\"http:\/\/jvelektronika.cz\/?page_id=203\" target=\"_blank\">Post\u0159ehy a Informace<\/a><\/h4>\n<p>&nbsp;<\/p>\n<h3><a href=\"http:\/\/jvelektronika.cz\/?page_id=205\" target=\"_blank\">Acer Iconia Tab A1-810 WITH OFFICIAL ANDROID 4.4.2<\/a><\/h3>\n","protected":false},"excerpt":{"rendered":"<p>PRVN\u00cd VIDEORECENZE TOHOTO SKV\u011aL\u00c9HO TABLETU &nbsp; Post\u0159ehy a Informace &nbsp; Acer Iconia Tab A1-810 WITH OFFICIAL ANDROID 4.4.2<\/p>\n","protected":false},"author":1,"featured_media":0,"parent":45,"menu_order":0,"comment_status":"closed","ping_status":"open","template":"","meta":{"footnotes":""},"_links":{"self":[{"href":"https:\/\/jvelektronika.cz\/index.php?rest_route=\/wp\/v2\/pages\/199"}],"collection":[{"href":"https:\/\/jvelektronika.cz\/index.php?rest_route=\/wp\/v2\/pages"}],"about":[{"href":"https:\/\/jvelektronika.cz\/index.php?rest_route=\/wp\/v2\/types\/page"}],"author":[{"embeddable":true,"href":"https:\/\/jvelektronika.cz\/index.php?rest_route=\/wp\/v2\/users\/1"}],"replies":[{"embeddable":true,"href":"https:\/\/jvelektronika.cz\/index.php?rest_route=%2Fwp%2Fv2%2Fcomments&post=199"}],"version-history":[{"count":3,"href":"https:\/\/jvelektronika.cz\/index.php?rest_route=\/wp\/v2\/pages\/199\/revisions"}],"predecessor-version":[{"id":208,"href":"https:\/\/jvelektronika.cz\/index.php?rest_route=\/wp\/v2\/pages\/199\/revisions\/208"}],"up":[{"embeddable":true,"href":"https:\/\/jvelektronika.cz\/index.php?rest_route=\/wp\/v2\/pages\/45"}],"wp:attachment":[{"href":"https:\/\/jvelektronika.cz\/index.php?rest_route=%2Fwp%2Fv2%2Fmedia&parent=199"}],"curies":[{"name":"wp","href":"https:\/\/api.w.org\/{rel}","templated":true}]}}