{"id":1892,"date":"2018-11-01T16:08:39","date_gmt":"2018-11-01T15:08:39","guid":{"rendered":"http:\/\/jvelektronika.cz\/?page_id=1892"},"modified":"2018-11-01T16:08:39","modified_gmt":"2018-11-01T15:08:39","slug":"nvidia-rtx-maji-vazny-problem","status":"publish","type":"page","link":"https:\/\/jvelektronika.cz\/?page_id=1892","title":{"rendered":"NVIDIA RTX: MAJ\u00cd V\u00c1\u017dN\u00dd PROBL\u00c9M"},"content":{"rendered":"\n<p>Probl\u00e9my mus\u00ed v\u00a0posledn\u00edch dnech \u0159e\u0161it spole\u010dnost Nvidia. Pouh\u00e9 dva t\u00fddny po zah\u00e1jen\u00ed prodeje toti\u017e internetov\u00e9 diskuze zaplavily zku\u0161enosti u\u017eivatel\u016f, kte\u0159\u00ed si st\u011b\u017euj\u00ed na extr\u00e9mn\u011b v\u00fdkonn\u00e9 grafick\u00e9 karty GeForce RTX 2080 Ti. Ta v\u00a0n\u011bkter\u00fdch p\u0159\u00edpadech p\u0159estane bezd\u016fvodn\u011b pracovat a\u00a0tv\u00e1\u0159\u00ed se jako \u201emrtv\u00e1\u201c.<\/p>\n\n\n\n<p><\/p>\n\n\n\n<p>\nChyby se projevuj\u00ed zobrazov\u00e1n\u00edm artefakt\u016f v\u00a0obrazu, nestabilitou cel\u00e9ho \nsyst\u00e9mu, cuk\u00e1n\u00edm obrazovky a\u00a0v\u00a0krajn\u00edm p\u0159\u00edpad\u011b tak\u00e9 celkov\u00fdm kolapsem, \npo kter\u00e9m ji\u017e karta nejde znovu zapnout. Co p\u0159esn\u011b probl\u00e9my zp\u016fsobuje, \nnen\u00ed v\u00a0tuto chv\u00edli jasn\u00e9, podle prvn\u00edch informac\u00ed se nicm\u00e9n\u011b probl\u00e9my \nt\u00fdkaj\u00ed pouze pr\u00e9miov\u00e9 edice Founders Edition p\u0159\u00edmo od spole\u010dnosti \nNvidia, kter\u00e1 m\u00e1 p\u00edsmena FE v\u00a0n\u00e1zvu.\n\n<\/p>\n\n\n\n<p><\/p>\n\n\n\n<figure class=\"wp-block-image\"><img decoding=\"async\" loading=\"lazy\" width=\"800\" height=\"450\" src=\"http:\/\/jvelektronika.cz\/wp-content\/uploads\/2018\/11\/nvidia.jpg\" alt=\"\" class=\"wp-image-1893\" srcset=\"https:\/\/jvelektronika.cz\/wp-content\/uploads\/2018\/11\/nvidia.jpg 800w, https:\/\/jvelektronika.cz\/wp-content\/uploads\/2018\/11\/nvidia-300x169.jpg 300w, https:\/\/jvelektronika.cz\/wp-content\/uploads\/2018\/11\/nvidia-768x432.jpg 768w\" sizes=\"(max-width: 800px) 100vw, 800px\" \/><figcaption><br\/><br\/> Nvidia se podle serveru Tech Power Up postavila k\u00a0probl\u00e9m\u016fm \u010delem a\u00a0podle zku\u0161enost\u00ed u\u017eivatel\u016f v\u0161echny probl\u00e9mov\u00e9 karty m\u011bn\u00ed na nov\u00e9. N\u011bkter\u00fdm u\u017eivatel\u016fm se nicm\u00e9n\u011b ji\u017e stalo, \u017ee je za\u010dal zlobit tak\u00e9 vym\u011bn\u011bn\u00fd model. <br\/><br\/>01. 11. 2018<\/figcaption><\/figure>\n","protected":false},"excerpt":{"rendered":"<p>Probl\u00e9my mus\u00ed v\u00a0posledn\u00edch dnech \u0159e\u0161it spole\u010dnost Nvidia. Pouh\u00e9 dva t\u00fddny po zah\u00e1jen\u00ed prodeje toti\u017e internetov\u00e9 diskuze zaplavily zku\u0161enosti u\u017eivatel\u016f, kte\u0159\u00ed si st\u011b\u017euj\u00ed na extr\u00e9mn\u011b v\u00fdkonn\u00e9 grafick\u00e9 karty GeForce RTX 2080 Ti. Ta v\u00a0n\u011bkter\u00fdch p\u0159\u00edpadech p\u0159estane bezd\u016fvodn\u011b pracovat a\u00a0tv\u00e1\u0159\u00ed se jako \u201emrtv\u00e1\u201c. Chyby se projevuj\u00ed zobrazov\u00e1n\u00edm artefakt\u016f v\u00a0obrazu, nestabilitou cel\u00e9ho syst\u00e9mu, [&hellip;]<\/p>\n","protected":false},"author":1,"featured_media":0,"parent":63,"menu_order":0,"comment_status":"closed","ping_status":"closed","template":"","meta":{"footnotes":""},"_links":{"self":[{"href":"https:\/\/jvelektronika.cz\/index.php?rest_route=\/wp\/v2\/pages\/1892"}],"collection":[{"href":"https:\/\/jvelektronika.cz\/index.php?rest_route=\/wp\/v2\/pages"}],"about":[{"href":"https:\/\/jvelektronika.cz\/index.php?rest_route=\/wp\/v2\/types\/page"}],"author":[{"embeddable":true,"href":"https:\/\/jvelektronika.cz\/index.php?rest_route=\/wp\/v2\/users\/1"}],"replies":[{"embeddable":true,"href":"https:\/\/jvelektronika.cz\/index.php?rest_route=%2Fwp%2Fv2%2Fcomments&post=1892"}],"version-history":[{"count":1,"href":"https:\/\/jvelektronika.cz\/index.php?rest_route=\/wp\/v2\/pages\/1892\/revisions"}],"predecessor-version":[{"id":1894,"href":"https:\/\/jvelektronika.cz\/index.php?rest_route=\/wp\/v2\/pages\/1892\/revisions\/1894"}],"up":[{"embeddable":true,"href":"https:\/\/jvelektronika.cz\/index.php?rest_route=\/wp\/v2\/pages\/63"}],"wp:attachment":[{"href":"https:\/\/jvelektronika.cz\/index.php?rest_route=%2Fwp%2Fv2%2Fmedia&parent=1892"}],"curies":[{"name":"wp","href":"https:\/\/api.w.org\/{rel}","templated":true}]}}