{"id":154,"date":"2014-08-16T22:48:56","date_gmt":"2014-08-16T20:48:56","guid":{"rendered":"http:\/\/jvelektronika.cz\/?page_id=154"},"modified":"2014-08-16T22:48:56","modified_gmt":"2014-08-16T20:48:56","slug":"xperia-diagnostic","status":"publish","type":"page","link":"https:\/\/jvelektronika.cz\/?page_id=154","title":{"rendered":"XPERIA Diagnostic"},"content":{"rendered":"<div>\n<h1>XPERIA Diagnostic<\/h1>\n<\/div>\n<div>\n<div><ins>18.08.2013 07:25<\/ins><\/p>\n<h3>XPERIA Diagnostic<\/h3>\n<p>&nbsp;<\/p>\n<p><strong>Na konci str\u00e1nky je vlo\u017eeno video.<\/strong><\/p>\n<p>&nbsp;<\/p>\n<p>Zaj\u00edmav\u00e1 nov\u00e1 aplikace od Sony, kter\u00e1 dok\u00e1\u017ee otestovat ur\u010dit\u00e9 funkce telefonu. J\u00e1 pou\u017eil na test svoji Xperii T. Aplikace bohu\u017eel nen\u00ed kompatibiln\u00ed se v\u0161emi telefony XPERIA. V aplikaci je mo\u017enost testovat bu\u010f ka\u017edou funkci zvl\u00e1\u0161\u0165 a nebo spustit test v\u0161eho popo\u0159ad\u011b.<\/p>\n<p>Po dokon\u010den\u00ed testu lze zobrazit zpr\u00e1vu co\u017e si uk\u00e1\u017eeme i ve videu, zpr\u00e1va nen\u00ed n\u00edjak zvl\u00e1\u0161\u0165\u00a0 obs\u00e1hl\u00e1, ale je dosta\u010duj\u00edc\u00ed.<\/p>\n<p>&nbsp;<\/p>\n<div class=\"epyt-video-wrapper\"><iframe loading=\"lazy\"  style=\"display: block; margin: 0px auto;\"  id=\"_ytid_57850\"  width=\"640\" height=\"360\"  data-origwidth=\"640\" data-origheight=\"360\" src=\"https:\/\/www.youtube.com\/embed\/h7zUK0E1jak?enablejsapi=1&#038;autoplay=0&#038;cc_load_policy=0&#038;cc_lang_pref=&#038;iv_load_policy=1&#038;loop=0&#038;modestbranding=0&#038;rel=1&#038;fs=1&#038;playsinline=1&#038;autohide=2&#038;theme=dark&#038;color=red&#038;controls=1&#038;\" class=\"__youtube_prefs__  epyt-is-override  no-lazyload\" title=\"YouTube player\"  allow=\"accelerometer; autoplay; clipboard-write; encrypted-media; gyroscope; picture-in-picture\" allowfullscreen data-no-lazy=\"1\" data-skipgform_ajax_framebjll=\"\"><\/iframe><\/div>\n<\/div>\n<\/div>\n<p>&nbsp;<\/p>\n","protected":false},"excerpt":{"rendered":"<p>XPERIA Diagnostic 18.08.2013 07:25 XPERIA Diagnostic &nbsp; Na konci str\u00e1nky je vlo\u017eeno video. &nbsp; Zaj\u00edmav\u00e1 nov\u00e1 aplikace od Sony, kter\u00e1 dok\u00e1\u017ee otestovat ur\u010dit\u00e9 funkce telefonu. J\u00e1 pou\u017eil na test svoji Xperii T. Aplikace bohu\u017eel nen\u00ed kompatibiln\u00ed se v\u0161emi telefony XPERIA. V aplikaci je mo\u017enost testovat bu\u010f ka\u017edou funkci zvl\u00e1\u0161\u0165 a [&hellip;]<\/p>\n","protected":false},"author":1,"featured_media":0,"parent":49,"menu_order":0,"comment_status":"closed","ping_status":"open","template":"","meta":{"footnotes":""},"_links":{"self":[{"href":"https:\/\/jvelektronika.cz\/index.php?rest_route=\/wp\/v2\/pages\/154"}],"collection":[{"href":"https:\/\/jvelektronika.cz\/index.php?rest_route=\/wp\/v2\/pages"}],"about":[{"href":"https:\/\/jvelektronika.cz\/index.php?rest_route=\/wp\/v2\/types\/page"}],"author":[{"embeddable":true,"href":"https:\/\/jvelektronika.cz\/index.php?rest_route=\/wp\/v2\/users\/1"}],"replies":[{"embeddable":true,"href":"https:\/\/jvelektronika.cz\/index.php?rest_route=%2Fwp%2Fv2%2Fcomments&post=154"}],"version-history":[{"count":1,"href":"https:\/\/jvelektronika.cz\/index.php?rest_route=\/wp\/v2\/pages\/154\/revisions"}],"predecessor-version":[{"id":155,"href":"https:\/\/jvelektronika.cz\/index.php?rest_route=\/wp\/v2\/pages\/154\/revisions\/155"}],"up":[{"embeddable":true,"href":"https:\/\/jvelektronika.cz\/index.php?rest_route=\/wp\/v2\/pages\/49"}],"wp:attachment":[{"href":"https:\/\/jvelektronika.cz\/index.php?rest_route=%2Fwp%2Fv2%2Fmedia&parent=154"}],"curies":[{"name":"wp","href":"https:\/\/api.w.org\/{rel}","templated":true}]}}