{"id":150,"date":"2014-08-16T22:45:59","date_gmt":"2014-08-16T20:45:59","guid":{"rendered":"http:\/\/jvelektronika.cz\/?page_id=150"},"modified":"2015-03-14T09:20:30","modified_gmt":"2015-03-14T08:20:30","slug":"psana-recenze-2","status":"publish","type":"page","link":"https:\/\/jvelektronika.cz\/?page_id=150","title":{"rendered":"Psan\u00e1 Recenze 2"},"content":{"rendered":"<div>\n<h1>Psan\u00e1 Recenze 2<\/h1>\n<\/div>\n<div>\n<div><ins>14.12.2012 08:30<\/ins><\/p>\n<h1>RECENZE 2<\/h1>\n<p>&nbsp;<\/p>\n<h3>KONSTRUKCE<\/h3>\n<p>&nbsp;<\/p>\n<p>Telefon je zcela pevn\u00fd, nic nevr\u017ee a nic se neproh\u00fdba p\u0159i stisku telefonu. Z\u00e1da jsou m\u00edrn\u011b prohl\u00e1, jako tomu bylo u tehdy je\u0161t\u011b SonyErcssonu ARC. Fotoapar\u00e1t je zap\u016f\u0161t\u011bny v\u00edce do t\u011bla akolem fotoapar\u00e1tu je vystoupl\u00fd lem, tedy se fotoapar\u00e1t h\u016f\u0159e bude \u010distit. M\u00e1 \u010dern\u00e1 varianta m\u00e1 zadn\u00ed stranu na dotek p\u016fsob\u00edc\u00ed pogumovanou a p\u016fsob\u00ed to velice dob\u0159e.\u00a0 D\u00e1le bych \u0159ekl, \u017ee cel\u00e1 konstrukce p\u016fsob\u00ed dosti biteln\u011b a nehroz\u00ed n\u011bjak\u00e9 po\u0161kozen\u00ed. V\u00edtku m\u00e1m jen ke krytce, kter\u00e1 ukr\u00fdv\u00e1 mikroSIM a slot pro pam\u011b\u0165ov\u00e9 karty MicroSDHC, ale jinak by se nem\u011bla nijak po\u0161kodit, v\u011bt\u0161ina to otev\u0159e jednou a\u017e dvakr\u00e1t a pot\u00e9 u\u017e tu krytku neotev\u0159e.<\/p>\n<p>D\u00e1le je \u0161koda, \u017ee indika\u010dn\u00ed led dioda sv\u00edt\u00ed m\u00e1lo a je t\u00e9m\u011b\u0159 nepost\u0159ehnuteln\u00e1. U n\u011bkter\u00fdch aplikac\u00ed si m\u016f\u017eete nastavit jakou barvou chcete aby blikala p\u0159i ozn\u00e1men\u00ed.<\/p>\n<p>&nbsp;<\/p>\n<h3>BATERIE A V\u00ddDR\u017d<\/h3>\n<p>&nbsp;<\/p>\n<p>Jsem velice p\u0159ekvapen, proto\u017ee baterie p\u0159i \u017eiv\u00e9 tapet\u011b a ob\u010das zaplou WiFi a instalac\u00ed n\u011bkolika aplikace a 20 minut hovoru, po\u0159\u00edzen\u00ed 10 fotografi\u00ed a psan\u00ed n\u011bkolika SMS a p\u0159i 2G s\u00edti vydr\u017e\u00ed velice dlouho, telefon mi vydr\u017e\u00ed a\u017e 3 dny, n\u011bkdy 2 dny, dle vyt\u00ed\u017een\u00ed, co\u017e je zhruba stejn\u00e1 v\u00fddr\u017e jako m\u00e1 SGS3, kter\u00fd m\u00e1 mnohem v\u011bt\u0161\u00ed kapacitu baterie&#8230;. Xperia T m\u00e1 kapacitu baterie 1850 mAh Li-Ion.<\/p>\n<p>&nbsp;<\/p>\n<h3>Sign\u00e1l 3G a citlivost<\/h3>\n<p>&nbsp;<\/p>\n<p>Op\u011bt budu testovat sign\u00e1l na chat\u011b, kde je sign\u00e1l jen na ur\u010dit\u00fdch m\u00edstech v byt\u011b a to pom\u011brn\u011b dost slab\u00fd. Uvid\u00edme zda budou v\u00fdsledky lep\u0161\u00ed ne\u017e u Xperie S a co se t\u00fd\u010de SGS3, tak ten co se citlivosti p\u0159ijma\u010de 3G sign\u00e1lu moc nevyt\u00e1hl&#8230;.<\/p>\n<p>Dal\u0161\u00ed info: B\u011bhem v\u00e1noc jsem otestoval na chat\u011b po cel\u00e9m byt\u011b, kde telefon chyt\u00e1 3G sign\u00e1l a jeho s\u00edlu ( oper\u00e1tor O2 ) a v m\u00edstech, kde jsem m\u011bl jednu, nebo dv\u011b \u010d\u00e1rky Samsung Galaxy S3 nem\u011bl ani jednu. Jen pro zaj\u00edmavost, tak u\u017e tehdej\u0161\u00ed telefony jako Sony Ericsson T610 \u010di K750i\u00a0 ( GSM sign\u00e1l,<\/p>\n<p>GPRS ) m\u011bli vysokou citlivost na sign\u00e1l. Oba telefony jsem tehdy m\u011bl a tud\u00ed\u017e to p\u00ed\u0161i dle vlastn\u00edch zku\u0161enost\u00ed.<\/p>\n<p>&nbsp;<\/p>\n<h3><span style=\"text-decoration: underline;\"><em>POKRA\u010cOV\u00c1N\u00cd S ANDROIDEM 4.1.2<\/em><\/span><\/h3>\n<h3><\/h3>\n<h3>DISPLEJ<\/h3>\n<p>Displej je perfektn\u00ed, p\u011bkn\u00e9 pod\u00e1n\u00ed barev a displej nav\u00edc disponuje technologi\u00ed Mobile BRAVIA Engine pro vylep\u0161en\u00ed obrazu\u00a0 fotografi\u00ed a vide\u00ed.<\/p>\n<p>Z toho co jsem vy\u010detl, tak Xperie Z nov\u00e1 vlajkov\u00e1 lo\u010f od Sony m\u00e1 sice displej s 1080p av\u0161ak \u0161patn\u011b zobrazuje barvy, nap\u0159\u00edklad \u010dern\u00e1 je \u0161ed\u00e1, ale jen p\u00ed\u0161i co jsem se do\u010detl, zat\u00edm jsem ji v ruce nedr\u017eel. Xperie T \u010dernou barvu zobrazuje dob\u0159e. Pozorovac\u00ed \u00fahly jsou pom\u011brn\u011b dost dobr\u00e9 a i na slunci je vidit\u011blnost relativn\u011b dobr\u00e1 a nem\u00e1m tedy displeji co vytknout ( Dnes jsem otestoval displej na p\u0159\u00edm\u00e9m slunci a viditelnost byla v\u00fdborn\u00e1 v\u0161e bylo vid\u011bt, v\u0161echny barvy atd. nevad\u00ed tedy, \u017ee to nen\u00ed Amoled ajin\u00e9 podobn\u00e9, kter\u00e9 maj\u00ed krat\u0161\u00ed \u017eivotnost ( 20 . 3. 2013 ).\u00a0 Displej je TFT a jas lze pomoc\u00ed \u010didla okoln\u00edho osv\u011btlen\u00ed regulovat automaticky.<\/p>\n<p>&nbsp;<\/p>\n<p><a href=\"http:\/\/jvelektronika.cz\/wp-content\/uploads\/2015\/02\/displej.jpg\"><img decoding=\"async\" loading=\"lazy\" class=\"aligncenter size-full wp-image-689\" src=\"http:\/\/jvelektronika.cz\/wp-content\/uploads\/2015\/02\/displej.jpg\" alt=\"displej\" width=\"448\" height=\"252\" srcset=\"https:\/\/jvelektronika.cz\/wp-content\/uploads\/2015\/02\/displej.jpg 448w, https:\/\/jvelektronika.cz\/wp-content\/uploads\/2015\/02\/displej-300x168.jpg 300w\" sizes=\"(max-width: 448px) 100vw, 448px\" \/><\/a><\/p>\n<p>&nbsp;<\/p>\n<p>Jak je vid\u011bt na obr\u00e1zku, tak texty a v\u0161e ostatn\u00ed je ostr\u00e9 a velmi p\u011bkn\u00e9. J\u00e1 osobn\u011b nem\u00e1m displeji na tomto telefonu co vytknout.<\/p>\n<p>&nbsp;<\/p>\n<h3>Fotapar\u00e1t<\/h3>\n<p>Re\u017eim: HDR ( 12 Megapixel ), Super Auto a dal\u0161\u00ed. ( Android 4.1.2 )<\/p>\n<p>Fotoapar\u00e1t m\u00e1 celkov\u00e9 rozli\u0161en\u00ed 13Megapixel. S Androidem 4.1 se zmen\u0161ila komprese av\u0161ak st\u00e1le je na fotografi\u00edch relativn\u011b dost zn\u00e1t \u0161um.<\/p>\n<p>Nechyb\u00ed spousta mo\u017enost\u00ed nasteven\u00ed jako t\u0159eba ISO, nebo expozice, detekce \u00fasm\u011bvu a spousta dal\u0161\u00edho.<\/p>\n<p>Sn\u00edma\u010d disponuje technologi\u00ed Exmor R ( CMOS ).<\/p>\n<p>S nov\u00fdm syst\u00e9mem p\u0159ibyli mo\u017enosti jako jsou u Xperie V, nebo Z a to re\u017eim HDR a re\u017eim Super Auto.<\/p>\n<p>Fotoapar\u00e1tu nechyb\u00ed ani p\u0159isv\u011btlovac\u00ed led dioda, kter\u00e1 sv\u00edt\u00ed opravdu velmi hodn\u011b.<\/p>\n<p>&nbsp;<\/p>\n<p><a href=\"http:\/\/jvelektronika.cz\/wp-content\/uploads\/2015\/02\/foto555.jpg\"><img decoding=\"async\" loading=\"lazy\" class=\"  wp-image-729 alignleft\" src=\"http:\/\/jvelektronika.cz\/wp-content\/uploads\/2015\/02\/foto555.jpg\" alt=\"foto555\" width=\"352\" height=\"198\" srcset=\"https:\/\/jvelektronika.cz\/wp-content\/uploads\/2015\/02\/foto555.jpg 448w, https:\/\/jvelektronika.cz\/wp-content\/uploads\/2015\/02\/foto555-300x168.jpg 300w\" sizes=\"(max-width: 352px) 100vw, 352px\" \/><\/a><a href=\"http:\/\/jvelektronika.cz\/wp-content\/uploads\/2015\/02\/foto444.jpg\"><img decoding=\"async\" loading=\"lazy\" class=\"  wp-image-728 alignnone\" src=\"http:\/\/jvelektronika.cz\/wp-content\/uploads\/2015\/02\/foto444.jpg\" alt=\"foto444\" width=\"356\" height=\"200\" srcset=\"https:\/\/jvelektronika.cz\/wp-content\/uploads\/2015\/02\/foto444.jpg 448w, https:\/\/jvelektronika.cz\/wp-content\/uploads\/2015\/02\/foto444-300x168.jpg 300w\" sizes=\"(max-width: 356px) 100vw, 356px\" \/><\/a><a href=\"http:\/\/jvelektronika.cz\/wp-content\/uploads\/2015\/02\/foto333.jpg\"><img decoding=\"async\" loading=\"lazy\" class=\"  wp-image-727 alignleft\" src=\"http:\/\/jvelektronika.cz\/wp-content\/uploads\/2015\/02\/foto333.jpg\" alt=\"foto333\" width=\"372\" height=\"209\" srcset=\"https:\/\/jvelektronika.cz\/wp-content\/uploads\/2015\/02\/foto333.jpg 448w, https:\/\/jvelektronika.cz\/wp-content\/uploads\/2015\/02\/foto333-300x168.jpg 300w\" sizes=\"(max-width: 372px) 100vw, 372px\" \/><\/a><a href=\"http:\/\/jvelektronika.cz\/wp-content\/uploads\/2015\/02\/foto222.jpg\"><img decoding=\"async\" loading=\"lazy\" class=\"  wp-image-726 alignleft\" src=\"http:\/\/jvelektronika.cz\/wp-content\/uploads\/2015\/02\/foto222.jpg\" alt=\"foto222\" width=\"378\" height=\"213\" srcset=\"https:\/\/jvelektronika.cz\/wp-content\/uploads\/2015\/02\/foto222.jpg 448w, https:\/\/jvelektronika.cz\/wp-content\/uploads\/2015\/02\/foto222-300x168.jpg 300w\" sizes=\"(max-width: 378px) 100vw, 378px\" \/><\/a><a href=\"http:\/\/jvelektronika.cz\/wp-content\/uploads\/2015\/02\/foto111.jpg\"><img decoding=\"async\" loading=\"lazy\" class=\"  wp-image-725 alignleft\" src=\"http:\/\/jvelektronika.cz\/wp-content\/uploads\/2015\/02\/foto111.jpg\" alt=\"foto111\" width=\"366\" height=\"206\" srcset=\"https:\/\/jvelektronika.cz\/wp-content\/uploads\/2015\/02\/foto111.jpg 448w, https:\/\/jvelektronika.cz\/wp-content\/uploads\/2015\/02\/foto111-300x168.jpg 300w\" sizes=\"(max-width: 366px) 100vw, 366px\" \/><\/a><\/p>\n<p>&nbsp;<\/p>\n<p>Fotoapar\u00e1t m\u00e1 sice rozli\u0161en\u00ed 13Megapixel a s Androidem 4.1.2 se zmen\u0161ila i komprese av\u0161ak st\u00e1le je na fotografi\u00edch znateln\u00fd \u0161um, ale s porovn\u00e1n\u00edm fotoapar\u00e1tu u SGS3 je zde fotoapar\u00e1t o pozn\u00e1n\u00ed lep\u0161\u00ed.<\/p>\n<p>M\u00e1me zde spoustu nastaven\u00ed, nechyb\u00ed re\u017eim HDR, nebo funkce detekce \u00fasm\u011bv\u016f apod.<\/p>\n<p>&nbsp;<\/p>\n<h3>Zvuk a p\u0159ehr\u00e1v\u00e1n\u00ed hudby<\/h3>\n<p>&nbsp;<\/p>\n<p>Kvalita zvuk\u016f zadn\u00edho reproduktoru je v\u00fdborn\u00e1. V\u0161echny t\u00f3ny se daj\u00ed upravit nastaven\u00edm ekvaliz\u00e9ru a tak\u00e9 p\u0159ibila nov\u00e1 funkce pro reproduktor jm\u00e9nem Clear Phase: Automaticky p\u0159izp\u016fsob\u00ed kvalitu zvuku vnit\u0159n\u00edho reproduktoru a nechyb\u00ed funkce xLOUD.<\/p>\n<p>Dod\u00e1van\u00e1 sluch\u00e1tka jsou perfektn\u00ed a zvuk nen\u00ed v\u016fbec \u0161patn\u00fd. P\u0159i p\u0159ipojen\u00ed sluch\u00e1tek m\u00e1te mo\u017enosti nastaven\u00ed, kter\u00e9 jinak nejdou aktivovat jako je t\u0159eba 3D zvuk apod.<\/p>\n<p>Reproduktor pro telefonov\u00e1n\u00ed m\u00e1 dobr\u00fd zvuk a nen\u00ed nap\u0159. plechov\u00fd atd. tud\u00ed\u017e jsou hovory p\u0159\u00edjemn\u00e9. Nav\u00edc Xperie T disponuje funkc\u00ed redukce \u0161umu b\u011bhem hovoru a m\u016f\u017eete si tedy vychutnat \u010dist\u00fd hovor.<\/p>\n<p>Pro p\u0159ehr\u00e1v\u00e1n\u00ed hudby m\u00e1me kvalitn\u00ed p\u0159ehr\u00e1va\u010d od sony pod n\u00e1zvem walkman, kter\u00fd je p\u011bkn\u011b zpracovan\u00fd jak funk\u010dn\u011b, tak graficky.<\/p>\n<p>&nbsp;<\/p>\n<p><a href=\"http:\/\/jvelektronika.cz\/wp-content\/uploads\/2015\/02\/zzzzzzzzzzzzzzzzz1.jpg\"><img decoding=\"async\" loading=\"lazy\" class=\"aligncenter size-full wp-image-840\" src=\"http:\/\/jvelektronika.cz\/wp-content\/uploads\/2015\/02\/zzzzzzzzzzzzzzzzz1.jpg\" alt=\"zzzzzzzzzzzzzzzzz1\" width=\"448\" height=\"252\" srcset=\"https:\/\/jvelektronika.cz\/wp-content\/uploads\/2015\/02\/zzzzzzzzzzzzzzzzz1.jpg 448w, https:\/\/jvelektronika.cz\/wp-content\/uploads\/2015\/02\/zzzzzzzzzzzzzzzzz1-300x168.jpg 300w\" sizes=\"(max-width: 448px) 100vw, 448px\" \/><\/a><a href=\"http:\/\/jvelektronika.cz\/wp-content\/uploads\/2015\/02\/zzzzzzz.jpg\"><img decoding=\"async\" loading=\"lazy\" class=\"aligncenter size-full wp-image-839\" src=\"http:\/\/jvelektronika.cz\/wp-content\/uploads\/2015\/02\/zzzzzzz.jpg\" alt=\"zzzzzzz\" width=\"448\" height=\"252\" srcset=\"https:\/\/jvelektronika.cz\/wp-content\/uploads\/2015\/02\/zzzzzzz.jpg 448w, https:\/\/jvelektronika.cz\/wp-content\/uploads\/2015\/02\/zzzzzzz-300x168.jpg 300w\" sizes=\"(max-width: 448px) 100vw, 448px\" \/><\/a><a href=\"http:\/\/jvelektronika.cz\/wp-content\/uploads\/2015\/02\/zvuk1111.jpg\"><img decoding=\"async\" loading=\"lazy\" class=\"aligncenter size-full wp-image-838\" src=\"http:\/\/jvelektronika.cz\/wp-content\/uploads\/2015\/02\/zvuk1111.jpg\" alt=\"zvuk1111\" width=\"448\" height=\"252\" srcset=\"https:\/\/jvelektronika.cz\/wp-content\/uploads\/2015\/02\/zvuk1111.jpg 448w, https:\/\/jvelektronika.cz\/wp-content\/uploads\/2015\/02\/zvuk1111-300x168.jpg 300w\" sizes=\"(max-width: 448px) 100vw, 448px\" \/><\/a><\/p>\n<p>&nbsp;<\/p>\n<h3>Rychlost s nov\u00fdm syst\u00e9mem<\/h3>\n<p>&nbsp;<\/p>\n<p>Nov\u00fd syst\u00e9m je opravdu velice rychl\u00fd a telefon nen\u00ed v\u016fbec spomalen\u00fd p\u0159i n\u011bkter\u00fdch \u010dinostech jako to bylo u Androidu 4.0.4<\/p>\n<p>Rychl\u00e9 reakce jsou tak\u00e9 d\u00edky v\u00fdkon\u00e9mu procesoru Qualcomm Krait MSM8260-A a pam\u011bti ram typu DDR3 a v\u00fdkon\u00e9 grafice Andreno 225. Telefon se v\u00fdkon\u011b d\u00e1 srovn\u00e1vat i se Samsungem Galaxy S3.<\/p>\n<p>Tento procesor je nap\u0159\u00edklad v\u00edkonej\u0161\u00ed ne\u017e p\u011btij\u00e1drov\u00e1 tegra.<\/p>\n<p>Jednou se mi stalo, \u017ee jsem telefon musel restartovat a prov\u00e9st SOFT RESET ( Tla\u010d\u00edtko zap\u00edn\u00e1n\u00ed a \u0161ipka dol\u016f hlasitosti ), proto\u017ee telefon zamrznul. Ob\u010das se stane, \u017ee syst\u00e9m na chvilku p\u0159estane re\u00e1govat a po chvilce se vzpanuje.<\/p>\n<p>Dal\u0161\u00ed chyba co v telefonu nastala bylo p\u0159i spout\u011bn\u00ed syst\u00e9mu, mysl\u00edm, \u017ee bude uvoln\u011bna aktualizace, proto\u017ee mi p\u0159ijde, \u017ee syst\u00e9m nen\u00ed dolad\u011bn\u00fd.<\/p>\n<p>&nbsp;<\/p>\n<p><span style=\"text-decoration: underline;\"><em><strong>To by bylo v\u0161e a z\u00e1klad informac\u00ed k tomuto telefonu by byl hotov. Dal\u0161\u00ed info naleznete ve VIDEORECENZI.<\/strong><\/em><\/span><\/p>\n<\/div>\n<\/div>\n<p>&nbsp;<\/p>\n","protected":false},"excerpt":{"rendered":"<p>Psan\u00e1 Recenze 2 14.12.2012 08:30 RECENZE 2 &nbsp; KONSTRUKCE &nbsp; Telefon je zcela pevn\u00fd, nic nevr\u017ee a nic se neproh\u00fdba p\u0159i stisku telefonu. Z\u00e1da jsou m\u00edrn\u011b prohl\u00e1, jako tomu bylo u tehdy je\u0161t\u011b SonyErcssonu ARC. Fotoapar\u00e1t je zap\u016f\u0161t\u011bny v\u00edce do t\u011bla akolem fotoapar\u00e1tu je vystoupl\u00fd lem, tedy se fotoapar\u00e1t h\u016f\u0159e [&hellip;]<\/p>\n","protected":false},"author":1,"featured_media":0,"parent":49,"menu_order":0,"comment_status":"closed","ping_status":"open","template":"","meta":{"footnotes":""},"_links":{"self":[{"href":"https:\/\/jvelektronika.cz\/index.php?rest_route=\/wp\/v2\/pages\/150"}],"collection":[{"href":"https:\/\/jvelektronika.cz\/index.php?rest_route=\/wp\/v2\/pages"}],"about":[{"href":"https:\/\/jvelektronika.cz\/index.php?rest_route=\/wp\/v2\/types\/page"}],"author":[{"embeddable":true,"href":"https:\/\/jvelektronika.cz\/index.php?rest_route=\/wp\/v2\/users\/1"}],"replies":[{"embeddable":true,"href":"https:\/\/jvelektronika.cz\/index.php?rest_route=%2Fwp%2Fv2%2Fcomments&post=150"}],"version-history":[{"count":5,"href":"https:\/\/jvelektronika.cz\/index.php?rest_route=\/wp\/v2\/pages\/150\/revisions"}],"predecessor-version":[{"id":937,"href":"https:\/\/jvelektronika.cz\/index.php?rest_route=\/wp\/v2\/pages\/150\/revisions\/937"}],"up":[{"embeddable":true,"href":"https:\/\/jvelektronika.cz\/index.php?rest_route=\/wp\/v2\/pages\/49"}],"wp:attachment":[{"href":"https:\/\/jvelektronika.cz\/index.php?rest_route=%2Fwp%2Fv2%2Fmedia&parent=150"}],"curies":[{"name":"wp","href":"https:\/\/api.w.org\/{rel}","templated":true}]}}