{"id":1026,"date":"2015-06-17T20:29:42","date_gmt":"2015-06-17T18:29:42","guid":{"rendered":"http:\/\/jvelektronika.cz\/?page_id=1026"},"modified":"2015-06-17T20:29:42","modified_gmt":"2015-06-17T18:29:42","slug":"inspection-camera-endoscope-for-android","status":"publish","type":"page","link":"https:\/\/jvelektronika.cz\/?page_id=1026","title":{"rendered":"inspection camera \/ endoscope for Android"},"content":{"rendered":"<p>KR\u00c1TK\u00dd VIDEOPOHLED, KTER\u00dd UKAZUJE, \u017dE LZE POU\u017d\u00cdT ENDOSKOP, KTER\u00dd JE UR\u010cEN\u00dd PRO WINDOWS, TAK HO LZE POU\u017d\u00cdT I NA ZA\u0158\u00cdZEN\u00cd S OS ANDROID, CO\u017d JE VELICE PRAKTICK\u00c9.<\/p>\n<p>&nbsp;<\/p>\n<div class=\"epyt-video-wrapper\"><iframe loading=\"lazy\"  style=\"display: block; margin: 0px auto;\"  id=\"_ytid_70843\"  width=\"640\" height=\"360\"  data-origwidth=\"640\" data-origheight=\"360\" src=\"https:\/\/www.youtube.com\/embed\/DziO9elxgqA?enablejsapi=1&#038;autoplay=0&#038;cc_load_policy=0&#038;cc_lang_pref=&#038;iv_load_policy=1&#038;loop=0&#038;modestbranding=0&#038;rel=1&#038;fs=1&#038;playsinline=1&#038;autohide=2&#038;theme=dark&#038;color=red&#038;controls=1&#038;\" class=\"__youtube_prefs__  epyt-is-override  no-lazyload\" title=\"YouTube player\"  allow=\"accelerometer; autoplay; clipboard-write; encrypted-media; gyroscope; picture-in-picture\" allowfullscreen data-no-lazy=\"1\" data-skipgform_ajax_framebjll=\"\"><\/iframe><\/div>\n","protected":false},"excerpt":{"rendered":"<p>KR\u00c1TK\u00dd VIDEOPOHLED, KTER\u00dd UKAZUJE, \u017dE LZE POU\u017d\u00cdT ENDOSKOP, KTER\u00dd JE UR\u010cEN\u00dd PRO WINDOWS, TAK HO LZE POU\u017d\u00cdT I NA ZA\u0158\u00cdZEN\u00cd S OS ANDROID, CO\u017d JE VELICE PRAKTICK\u00c9. &nbsp;<\/p>\n","protected":false},"author":1,"featured_media":0,"parent":532,"menu_order":0,"comment_status":"closed","ping_status":"open","template":"","meta":{"footnotes":""},"_links":{"self":[{"href":"https:\/\/jvelektronika.cz\/index.php?rest_route=\/wp\/v2\/pages\/1026"}],"collection":[{"href":"https:\/\/jvelektronika.cz\/index.php?rest_route=\/wp\/v2\/pages"}],"about":[{"href":"https:\/\/jvelektronika.cz\/index.php?rest_route=\/wp\/v2\/types\/page"}],"author":[{"embeddable":true,"href":"https:\/\/jvelektronika.cz\/index.php?rest_route=\/wp\/v2\/users\/1"}],"replies":[{"embeddable":true,"href":"https:\/\/jvelektronika.cz\/index.php?rest_route=%2Fwp%2Fv2%2Fcomments&post=1026"}],"version-history":[{"count":1,"href":"https:\/\/jvelektronika.cz\/index.php?rest_route=\/wp\/v2\/pages\/1026\/revisions"}],"predecessor-version":[{"id":1027,"href":"https:\/\/jvelektronika.cz\/index.php?rest_route=\/wp\/v2\/pages\/1026\/revisions\/1027"}],"up":[{"embeddable":true,"href":"https:\/\/jvelektronika.cz\/index.php?rest_route=\/wp\/v2\/pages\/532"}],"wp:attachment":[{"href":"https:\/\/jvelektronika.cz\/index.php?rest_route=%2Fwp%2Fv2%2Fmedia&parent=1026"}],"curies":[{"name":"wp","href":"https:\/\/api.w.org\/{rel}","templated":true}]}}